CRAN Package Check Results for Package tidyLPA

Last updated on 2023-11-30 04:53:10 CET.

Flavor Version Tinstall Tcheck Ttotal Status Flags
r-devel-linux-x86_64-debian-clang 1.1.0 10.45 148.79 159.24 NOTE
r-devel-linux-x86_64-debian-gcc 1.1.0 9.04 105.41 114.45 NOTE
r-devel-linux-x86_64-fedora-clang 1.1.0 201.54 NOTE
r-devel-linux-x86_64-fedora-gcc 1.1.0 197.35 NOTE
r-devel-windows-x86_64 1.1.0 13.00 145.00 158.00 NOTE
r-patched-linux-x86_64 1.1.0 7.76 150.28 158.04 NOTE
r-release-linux-x86_64 1.1.0 11.03 142.79 153.82 NOTE
r-release-macos-arm64 1.1.0 67.00 NOTE
r-release-macos-x86_64 1.1.0 106.00 NOTE
r-release-windows-x86_64 1.1.0 16.00 170.00 186.00 NOTE
r-oldrel-macos-arm64 1.1.0 54.00 NOTE
r-oldrel-macos-x86_64 1.1.0 105.00 NOTE
r-oldrel-windows-x86_64 1.1.0 15.00 160.00 175.00 OK

Check Details

Version: 1.1.0
Check: package subdirectories
Result: NOTE Problems with news in ‘NEWS.md’: Cannot extract version info from the following section titles: Minor changes: Flavors: r-devel-linux-x86_64-debian-clang, r-devel-linux-x86_64-debian-gcc, r-devel-linux-x86_64-fedora-clang, r-devel-linux-x86_64-fedora-gcc, r-devel-windows-x86_64, r-patched-linux-x86_64, r-release-linux-x86_64, r-release-macos-arm64, r-release-macos-x86_64, r-release-windows-x86_64

Version: 1.1.0
Check: Rd files
Result: NOTE checkRd: (-1) single_imputation.Rd:21-22: Lost braces in \itemize; meant \describe ? checkRd: (-1) single_imputation.Rd:23-27: Lost braces in \itemize; meant \describe ? Flavors: r-devel-linux-x86_64-debian-clang, r-devel-linux-x86_64-debian-gcc

Version: 1.1.0
Check: dependencies in R code
Result: NOTE Namespace in Imports field not imported from: ‘mix’ All declared Imports should be used. Flavors: r-devel-linux-x86_64-fedora-clang, r-devel-linux-x86_64-fedora-gcc, r-oldrel-macos-arm64, r-oldrel-macos-x86_64

Version: 1.1.0
Check: package dependencies
Result: NOTE Package suggested but not available for checking: ‘lme4’ Flavor: r-release-macos-x86_64