CRAN Package Check Results for Package tidyCDISC

Last updated on 2024-07-14 05:53:46 CEST.

Flavor Version Tinstall Tcheck Ttotal Status Flags
r-devel-linux-x86_64-debian-clang 0.2.1 42.05 183.08 225.13 OK
r-devel-linux-x86_64-debian-gcc 0.2.1 30.77 131.57 162.34 OK
r-devel-linux-x86_64-fedora-clang 0.2.1 272.41 NOTE
r-devel-linux-x86_64-fedora-gcc 0.2.1 268.12 OK
r-devel-windows-x86_64 0.2.1 32.00 135.00 167.00 OK
r-patched-linux-x86_64 0.2.1 32.50 172.46 204.96 OK
r-release-linux-x86_64 0.2.1 31.64 170.83 202.47 OK
r-release-macos-arm64 0.2.1 73.00 OK
r-release-macos-x86_64 0.2.1 117.00 OK
r-release-windows-x86_64 0.2.1 34.00 140.00 174.00 OK
r-oldrel-macos-arm64 0.2.1 85.00 OK
r-oldrel-macos-x86_64 0.2.1 159.00 OK
r-oldrel-windows-x86_64 0.2.1 42.00 174.00 216.00 OK

Check Details

Version: 0.2.1
Check: package dependencies
Result: NOTE Imports includes 25 non-default packages. Importing from so many packages makes the package vulnerable to any of them becoming unavailable. Move as many as possible to Suggests and use conditionally. Flavor: r-devel-linux-x86_64-fedora-clang