Last updated on 2023-11-29 04:57:39 CET.
Flavor | Version | Tinstall | Tcheck | Ttotal | Status | Flags |
---|---|---|---|---|---|---|
r-devel-linux-x86_64-debian-clang | 0.2.1 | 34.49 | 180.99 | 215.48 | OK | |
r-devel-linux-x86_64-debian-gcc | 0.2.1 | 29.92 | 135.14 | 165.06 | OK | |
r-devel-linux-x86_64-fedora-clang | 0.2.1 | 269.87 | NOTE | |||
r-devel-linux-x86_64-fedora-gcc | 0.2.1 | 288.82 | OK | |||
r-devel-windows-x86_64 | 0.2.1 | 32.00 | 139.00 | 171.00 | OK | |
r-patched-linux-x86_64 | 0.2.1 | 27.33 | 173.08 | 200.41 | OK | |
r-release-linux-x86_64 | 0.2.1 | 26.05 | 167.87 | 193.92 | OK | |
r-release-macos-arm64 | 0.2.1 | 85.00 | OK | |||
r-release-macos-x86_64 | 0.2.1 | 159.00 | OK | |||
r-release-windows-x86_64 | 0.2.1 | 45.00 | 188.00 | 233.00 | OK | |
r-oldrel-macos-arm64 | 0.2.1 | 57.00 | OK | |||
r-oldrel-macos-x86_64 | 0.2.1 | 109.00 | OK | |||
r-oldrel-windows-x86_64 | 0.2.1 | 47.00 | 184.00 | 231.00 | OK |
Version: 0.2.1
Check: package dependencies
Result: NOTE
Imports includes 25 non-default packages.
Importing from so many packages makes the package vulnerable to any of
them becoming unavailable. Move as many as possible to Suggests and
use conditionally.
Flavor: r-devel-linux-x86_64-fedora-clang