CRAN Package Check Results for Package tfprobability

Last updated on 2024-02-25 04:51:20 CET.

Flavor Version Tinstall Tcheck Ttotal Status Flags
r-devel-linux-x86_64-debian-clang 0.15.1 16.11 222.83 238.94 NOTE
r-devel-linux-x86_64-debian-gcc 0.15.1 15.32 172.32 187.64 NOTE
r-devel-linux-x86_64-fedora-clang 0.15.1 298.11 OK
r-devel-linux-x86_64-fedora-gcc 0.15.1 302.14 OK
r-devel-windows-x86_64 0.15.1 19.00 273.00 292.00 OK
r-patched-linux-x86_64 0.15.1 57.12 219.50 276.62 OK
r-release-linux-x86_64 0.15.1 15.79 217.34 233.13 OK
r-release-macos-arm64 0.15.1 91.00 OK
r-release-macos-x86_64 0.15.1 148.00 OK
r-release-windows-x86_64 0.15.1 23.00 329.00 352.00 OK
r-oldrel-macos-arm64 0.15.1 63.00 OK
r-oldrel-windows-x86_64 0.15.1 24.00 229.00 253.00 OK

Additional issues

donttest

Check Details

Version: 0.15.1
Check: Rd files
Result: NOTE checkRd: (-1) tfd_von_mises_fisher.Rd:63: Lost braces; missing escapes or markup? 63 | NOTE: Currently only n in {2, 3, 4, 5} are supported. For n=5 some numerical | ^ Flavors: r-devel-linux-x86_64-debian-clang, r-devel-linux-x86_64-debian-gcc