CRAN Package Check Results for Package tfio

Last updated on 2024-02-27 04:50:52 CET.

Flavor Version Tinstall Tcheck Ttotal Status Flags
r-devel-linux-x86_64-debian-clang 0.4.1 9.67 89.31 98.98 NOTE
r-devel-linux-x86_64-debian-gcc 0.4.1 6.88 70.04 76.92 NOTE
r-devel-linux-x86_64-fedora-clang 0.4.1 122.98 NOTE
r-devel-linux-x86_64-fedora-gcc 0.4.1 133.07 NOTE
r-devel-windows-x86_64 0.4.1 10.00 87.00 97.00 NOTE
r-patched-linux-x86_64 0.4.1 9.25 90.55 99.80 NOTE
r-release-linux-x86_64 0.4.1 9.89 89.65 99.54 NOTE
r-release-macos-arm64 0.4.1 47.00 NOTE
r-release-macos-x86_64 0.4.1 76.00 NOTE
r-release-windows-x86_64 0.4.1 13.00 97.00 110.00 NOTE
r-oldrel-macos-arm64 0.4.1 34.00 NOTE
r-oldrel-windows-x86_64 0.4.1 12.00 100.00 112.00 NOTE

Check Details

Version: 0.4.1
Check: LazyData
Result: NOTE 'LazyData' is specified without a 'data' directory Flavors: r-devel-linux-x86_64-debian-clang, r-devel-linux-x86_64-debian-gcc, r-devel-linux-x86_64-fedora-clang, r-devel-linux-x86_64-fedora-gcc, r-devel-windows-x86_64, r-patched-linux-x86_64, r-release-linux-x86_64, r-release-macos-arm64, r-release-macos-x86_64, r-release-windows-x86_64, r-oldrel-macos-arm64, r-oldrel-windows-x86_64