CRAN Package Check Results for Package tfdatasets

Last updated on 2024-06-14 05:58:42 CEST.

Flavor Version Tinstall Tcheck Ttotal Status Flags
r-devel-linux-x86_64-debian-clang 2.9.0 22.56 115.88 138.44 OK
r-devel-linux-x86_64-debian-gcc 2.9.0 0.60 1.68 2.28 ERROR
r-devel-linux-x86_64-fedora-clang 2.9.0 178.80 OK
r-devel-linux-x86_64-fedora-gcc 2.9.0 185.55 OK
r-devel-windows-x86_64 2.9.0 20.00 118.00 138.00 OK
r-patched-linux-x86_64 2.9.0 24.38 111.10 135.48 OK
r-release-linux-x86_64 2.9.0 24.90 112.01 136.91 OK
r-release-macos-arm64 2.9.0 59.00 OK
r-release-macos-x86_64 2.9.0 109.00 OK
r-release-windows-x86_64 2.9.0 20.00 128.00 148.00 OK
r-oldrel-macos-arm64 2.9.0 62.00 OK
r-oldrel-macos-x86_64 2.9.0 98.00 OK
r-oldrel-windows-x86_64 2.9.0 27.00 140.00 167.00 OK

Check Details

Version: 2.9.0
Check: package dependencies
Result: ERROR Packages required but not available: 'tensorflow', 'tidyselect', 'vctrs' Packages suggested but not available for checking: 'testthat', 'keras', 'rsample', 'dplyr', 'tfestimators' See section ‘The DESCRIPTION file’ in the ‘Writing R Extensions’ manual. Flavor: r-devel-linux-x86_64-debian-gcc