Last updated on 2023-12-04 05:09:24 CET.
Flavor | Version | Tinstall | Tcheck | Ttotal | Status | Flags |
---|---|---|---|---|---|---|
r-devel-linux-x86_64-debian-clang | 0.4.4 | 6.34 | 52.59 | 58.93 | NOTE | |
r-devel-linux-x86_64-debian-gcc | 0.4.4 | 5.38 | 39.79 | 45.17 | NOTE | |
r-devel-linux-x86_64-fedora-clang | 0.4.4 | 73.55 | OK | |||
r-devel-linux-x86_64-fedora-gcc | 0.4.4 | 79.34 | OK | |||
r-devel-windows-x86_64 | 0.4.4 | 6.00 | 70.00 | 76.00 | OK | |
r-patched-linux-x86_64 | 0.4.4 | 4.33 | 50.02 | 54.35 | OK | |
r-release-linux-x86_64 | 0.4.4 | 3.74 | 49.71 | 53.45 | OK | |
r-release-macos-arm64 | 0.4.4 | 32.00 | OK | |||
r-release-macos-x86_64 | 0.4.4 | 48.00 | OK | |||
r-release-windows-x86_64 | 0.4.4 | 8.00 | 72.00 | 80.00 | OK | |
r-oldrel-macos-arm64 | 0.4.4 | 23.00 | OK | |||
r-oldrel-macos-x86_64 | 0.4.4 | 34.00 | OK | |||
r-oldrel-windows-x86_64 | 0.4.4 | 8.00 | 67.00 | 75.00 | OK |
Version: 0.4.4
Check: Rd files
Result: NOTE
checkRd: (-1) lexicon_afinn.Rd:48: Lost braces; missing escapes or markup?
48 | ``A new {ANEW:} Evaluation of a word list for sentiment analysis in
| ^
checkRd: (-1) lexicon_afinn.Rd:54: Lost braces; missing escapes or markup?
54 | title = \{A new {ANEW:} Evaluation of a word list for sentiment analysis in microblogs\}, \cr
| ^
Flavors: r-devel-linux-x86_64-debian-clang, r-devel-linux-x86_64-debian-gcc