CRAN Package Check Results for Package text2speech

Last updated on 2024-07-22 05:50:05 CEST.

Flavor Version Tinstall Tcheck Ttotal Status Flags
r-devel-linux-x86_64-debian-clang 1.0.0 6.33 58.31 64.64 OK
r-devel-linux-x86_64-debian-gcc 1.0.0 4.19 43.44 47.63 NOTE
r-devel-linux-x86_64-fedora-clang 1.0.0 83.52 OK
r-devel-linux-x86_64-fedora-gcc 1.0.0 88.50 OK
r-devel-windows-x86_64 1.0.0 6.00 65.00 71.00 NOTE
r-patched-linux-x86_64 1.0.0 11.19 55.61 66.80 OK
r-release-linux-x86_64 1.0.0 5.60 53.78 59.38 OK
r-release-macos-arm64 1.0.0 38.00 OK
r-release-macos-x86_64 1.0.0 56.00 OK
r-release-windows-x86_64 1.0.0 6.00 68.00 74.00 OK
r-oldrel-macos-arm64 1.0.0 41.00 OK
r-oldrel-macos-x86_64 1.0.0 88.00 OK
r-oldrel-windows-x86_64 1.0.0 9.00 72.00 81.00 OK

Check Details

Version: 1.0.0
Check: Rd cross-references
Result: NOTE Found the following Rd file(s) with Rd \link{} targets missing package anchors: tts_speak_engine.Rd: knit_engines Please provide package anchors for all Rd \link{} targets not in the package itself and the base packages. Flavors: r-devel-linux-x86_64-debian-gcc, r-devel-windows-x86_64