Last updated on 2023-12-08 05:02:19 CET.
Flavor | Version | Tinstall | Tcheck | Ttotal | Status | Flags |
---|---|---|---|---|---|---|
r-devel-linux-x86_64-debian-clang | 0.2.0 | 7.41 | 78.71 | 86.12 | OK | |
r-devel-linux-x86_64-debian-gcc | 0.2.0 | 6.13 | 59.44 | 65.57 | OK | |
r-devel-linux-x86_64-fedora-clang | 0.2.0 | 126.43 | NOTE | |||
r-devel-linux-x86_64-fedora-gcc | 0.2.0 | 131.30 | NOTE | |||
r-devel-windows-x86_64 | 0.2.0 | 9.00 | 99.00 | 108.00 | OK | |
r-patched-linux-x86_64 | 0.2.0 | 6.36 | 75.07 | 81.43 | OK | |
r-release-linux-x86_64 | 0.2.0 | 6.91 | 75.17 | 82.08 | OK | |
r-release-macos-arm64 | 0.2.0 | 52.00 | OK | |||
r-release-macos-x86_64 | 0.2.0 | 89.00 | OK | |||
r-release-windows-x86_64 | 0.2.0 | 10.00 | 102.00 | 112.00 | OK | |
r-oldrel-macos-arm64 | 0.2.0 | 59.00 | OK | |||
r-oldrel-macos-x86_64 | 0.2.0 | 75.00 | OK | |||
r-oldrel-windows-x86_64 | 0.2.0 | 9.00 | 106.00 | 115.00 | OK |
Version: 0.2.0
Check: for detritus in the temp directory
Result: NOTE
Found the following files/directories:
‘par-7269706c6579’
Flavors: r-devel-linux-x86_64-fedora-clang, r-devel-linux-x86_64-fedora-gcc