Last updated on 2023-11-28 04:57:36 CET.
Flavor | Version | Tinstall | Tcheck | Ttotal | Status | Flags |
---|---|---|---|---|---|---|
r-devel-linux-x86_64-debian-clang | 5.2.1 | 22.77 | 89.93 | 112.70 | OK | |
r-devel-linux-x86_64-debian-gcc | 5.2.1 | 18.17 | 196.43 | 214.60 | OK | |
r-devel-linux-x86_64-fedora-gcc | 5.2.1 | 177.46 | OK | |||
r-devel-windows-x86_64 | 5.2.1 | 45.00 | 145.00 | 190.00 | NOTE | |
r-patched-linux-x86_64 | 5.2.1 | 22.29 | 92.26 | 114.55 | OK | |
r-release-linux-x86_64 | 5.2.1 | 23.38 | 79.48 | 102.86 | OK | |
r-release-macos-arm64 | 5.2.1 | 65.00 | NOTE | |||
r-release-macos-x86_64 | 5.2.1 | 169.00 | NOTE | |||
r-release-windows-x86_64 | 5.2.1 | 55.00 | 166.00 | 221.00 | NOTE | |
r-oldrel-macos-arm64 | 5.2.1 | 61.00 | NOTE | |||
r-oldrel-macos-x86_64 | 5.2.0 | 110.00 | NOTE | |||
r-oldrel-windows-x86_64 | 5.2.1 | 48.00 | 136.00 | 184.00 | NOTE |
Version: 5.2.1
Check: installed package size
Result: NOTE
installed size is 23.3Mb
sub-directories of 1Mb or more:
doc 1.1Mb
libs 8.1Mb
tessdata 14.0Mb
Flavors: r-devel-windows-x86_64, r-release-macos-arm64, r-release-macos-x86_64, r-release-windows-x86_64, r-oldrel-macos-arm64, r-oldrel-windows-x86_64
Version: 5.2.0
Check: installed package size
Result: NOTE
installed size is 23.1Mb
sub-directories of 1Mb or more:
doc 1.1Mb
libs 7.8Mb
tessdata 14.1Mb
Flavor: r-oldrel-macos-x86_64