Last updated on 2023-10-02 05:58:13 CEST.
Flavor | Version | Tinstall | Tcheck | Ttotal | Status | Flags |
---|---|---|---|---|---|---|
r-devel-linux-x86_64-debian-clang | 1.7-46 | 638.75 | 436.67 | 1075.42 | OK | |
r-devel-linux-x86_64-debian-gcc | 1.7-46 | 505.34 | 322.89 | 828.23 | OK | |
r-devel-linux-x86_64-fedora-clang | 1.7-46 | 1483.18 | NOTE | |||
r-devel-linux-x86_64-fedora-gcc | 1.7-46 | 1703.07 | OK | |||
r-devel-windows-x86_64 | 1.7-46 | 503.00 | 842.00 | 1345.00 | NOTE | |
r-patched-linux-x86_64 | 1.7-46 | 700.82 | 423.15 | 1123.97 | OK | |
r-release-linux-x86_64 | 1.7-46 | 676.35 | 426.43 | 1102.78 | OK | |
r-release-macos-arm64 | 1.7-46 | 413.00 | NOTE | |||
r-release-macos-x86_64 | 1.7-46 | 514.00 | NOTE | |||
r-release-windows-x86_64 | 1.7-46 | 640.00 | 1093.00 | 1733.00 | NOTE | |
r-oldrel-macos-arm64 | 1.7-46 | 398.00 | NOTE | |||
r-oldrel-macos-x86_64 | 1.7-46 | 458.00 | NOTE | |||
r-oldrel-windows-x86_64 | 1.7-46 | 670.00 | 913.00 | 1583.00 | NOTE |
Version: 1.7-46
Check: installed package size
Result: NOTE
installed size is 9.9Mb
sub-directories of 1Mb or more:
R 2.2Mb
libs 6.4Mb
Flavors: r-devel-linux-x86_64-fedora-clang, r-devel-windows-x86_64, r-release-macos-arm64, r-release-macos-x86_64, r-release-windows-x86_64, r-oldrel-macos-arm64, r-oldrel-macos-x86_64, r-oldrel-windows-x86_64