Last updated on 2023-12-04 05:09:24 CET.
Flavor | Version | Tinstall | Tcheck | Ttotal | Status | Flags |
---|---|---|---|---|---|---|
r-devel-linux-x86_64-debian-clang | 4.2.0 | 26.23 | 599.80 | 626.03 | NOTE | |
r-devel-linux-x86_64-debian-gcc | 4.2.0 | 22.65 | 447.26 | 469.91 | NOTE | |
r-devel-linux-x86_64-fedora-clang | 4.2.0 | 764.91 | OK | |||
r-devel-linux-x86_64-fedora-gcc | 4.2.0 | 664.29 | OK | |||
r-devel-windows-x86_64 | 4.2.0 | 28.00 | 259.00 | 287.00 | OK | --no-vignettes |
r-patched-linux-x86_64 | 4.2.0 | 29.47 | 579.22 | 608.69 | OK | |
r-release-linux-x86_64 | 4.2.0 | 18.72 | 562.04 | 580.76 | OK | |
r-release-macos-arm64 | 4.2.0 | 163.00 | OK | |||
r-release-macos-x86_64 | 4.2.0 | 310.00 | OK | |||
r-release-windows-x86_64 | 4.2.0 | 35.00 | 312.00 | 347.00 | OK | --no-vignettes |
r-oldrel-macos-arm64 | 4.2.0 | 169.00 | OK | |||
r-oldrel-macos-x86_64 | 4.2.0 | 190.00 | OK | |||
r-oldrel-windows-x86_64 | 4.2.0 | 33.00 | 364.00 | 397.00 | OK | --no-vignettes |
Version: 4.2.0
Check: Rd files
Result: NOTE
checkRd: (-1) NEWS.Rd:427: Lost braces; missing escapes or markup?
427 | \item Changes to \code{simulate.stergm} parameters: addition of \code{duration.dependent} parameter: {Logical: Whether the model terms in formula or model are duration dependent. E.g., if a duration-dependent term is used in estimation/simulation model, the probability of forming or dissolving a tie may dependent on the age the dyad status. If TRUE, the matrix of tie ages will be allocated.}
| ^
checkRd: (-1) discordBDStratTNT-ergmProposal-9267ec8b.Rd:18: Lost braces
18 | code{\link[ergm:blocks-ergmConstraint]{blocks}} constraints and
| ^
checkRd: (-1) discordTNT-ergmProposal-bc75dff0.Rd:9: Lost braces
9 | code{discordance_fraction} of proposed toggles being made on the set of discordant dyads,
| ^
Flavors: r-devel-linux-x86_64-debian-clang, r-devel-linux-x86_64-debian-gcc