Last updated on 2023-10-02 05:58:13 CEST.
Flavor | Version | Tinstall | Tcheck | Ttotal | Status | Flags |
---|---|---|---|---|---|---|
r-devel-linux-x86_64-debian-clang | 1.0.1 | 4.44 | 216.29 | 220.73 | NOTE | |
r-devel-linux-x86_64-debian-gcc | 1.0.1 | 3.22 | 161.05 | 164.27 | NOTE | |
r-devel-linux-x86_64-fedora-clang | 1.0.1 | 274.58 | NOTE | |||
r-devel-linux-x86_64-fedora-gcc | 1.0.1 | 273.56 | NOTE | |||
r-devel-windows-x86_64 | 1.0.1 | 9.00 | 189.00 | 198.00 | NOTE | |
r-patched-linux-x86_64 | 1.0.1 | 5.83 | 209.69 | 215.52 | NOTE | |
r-release-linux-x86_64 | 1.0.1 | 4.32 | 211.80 | 216.12 | NOTE | |
r-release-macos-arm64 | 1.0.1 | 97.00 | NOTE | |||
r-release-macos-x86_64 | 1.0.1 | 162.00 | NOTE | |||
r-release-windows-x86_64 | 1.0.1 | 6.00 | 226.00 | 232.00 | NOTE | |
r-oldrel-macos-arm64 | 1.0.1 | 96.00 | NOTE | |||
r-oldrel-macos-x86_64 | 1.0.1 | 159.00 | NOTE | |||
r-oldrel-windows-x86_64 | 1.0.1 | 8.00 | 214.00 | 222.00 | NOTE |
Version: 1.0.1
Check: LazyData
Result: NOTE
'LazyData' is specified without a 'data' directory
Flavors: r-devel-linux-x86_64-debian-clang, r-devel-linux-x86_64-debian-gcc, r-devel-linux-x86_64-fedora-clang, r-devel-linux-x86_64-fedora-gcc, r-devel-windows-x86_64, r-patched-linux-x86_64, r-release-linux-x86_64, r-release-macos-arm64, r-release-macos-x86_64, r-release-windows-x86_64, r-oldrel-macos-arm64, r-oldrel-macos-x86_64, r-oldrel-windows-x86_64