CRAN Package Check Results for Package taylor

Last updated on 2024-06-14 05:58:42 CEST.

Flavor Version Tinstall Tcheck Ttotal Status Flags
r-devel-linux-x86_64-debian-clang 3.1.0 5.89 120.36 126.25 OK
r-devel-linux-x86_64-debian-gcc 3.1.0 1.85 1.86 3.71 ERROR
r-devel-linux-x86_64-fedora-clang 3.1.0 158.52 NOTE
r-devel-linux-x86_64-fedora-gcc 3.1.0 163.81 NOTE
r-devel-windows-x86_64 3.1.0 8.00 100.00 108.00 OK
r-patched-linux-x86_64 3.1.0 8.01 112.27 120.28 OK
r-release-linux-x86_64 3.1.0 8.31 114.49 122.80 OK
r-release-macos-arm64 3.1.0 54.00 OK
r-release-macos-x86_64 3.1.0 77.00 OK
r-release-windows-x86_64 3.1.0 9.00 114.00 123.00 OK
r-oldrel-macos-arm64 3.1.0 66.00 OK
r-oldrel-macos-x86_64 3.1.0 146.00 OK
r-oldrel-windows-x86_64 3.1.0 10.00 115.00 125.00 OK

Check Details

Version: 3.1.0
Check: package dependencies
Result: ERROR Packages required but not available: 'ggplot2', 'tibble', 'vctrs' Packages suggested but not available for checking: 'dplyr', 'pkgdown', 'purrr', 'testthat', 'tidyr', 'vdiffr' See section ‘The DESCRIPTION file’ in the ‘Writing R Extensions’ manual. Flavor: r-devel-linux-x86_64-debian-gcc

Version: 3.1.0
Check: data for non-ASCII characters
Result: NOTE Note: found 36 marked UTF-8 strings Flavors: r-devel-linux-x86_64-fedora-clang, r-devel-linux-x86_64-fedora-gcc