Last updated on 2023-11-28 04:57:35 CET.
Flavor | Version | Tinstall | Tcheck | Ttotal | Status | Flags |
---|---|---|---|---|---|---|
r-devel-linux-x86_64-debian-clang | 3.0.0 | 8.73 | 77.67 | 86.40 | OK | |
r-devel-linux-x86_64-debian-gcc | 3.0.0 | 6.00 | 57.78 | 63.78 | OK | |
r-devel-linux-x86_64-fedora-clang | 3.0.0 | 104.36 | NOTE | |||
r-devel-linux-x86_64-fedora-gcc | 3.0.0 | 98.16 | NOTE | |||
r-devel-windows-x86_64 | 3.0.0 | 9.00 | 78.00 | 87.00 | OK | |
r-patched-linux-x86_64 | 3.0.0 | 8.02 | 73.46 | 81.48 | OK | |
r-release-linux-x86_64 | 3.0.0 | 6.38 | 73.40 | 79.78 | OK | |
r-release-macos-arm64 | 3.0.0 | 38.00 | OK | |||
r-release-macos-x86_64 | 3.0.0 | 77.00 | OK | |||
r-release-windows-x86_64 | 3.0.0 | 10.00 | 87.00 | 97.00 | OK | |
r-oldrel-macos-arm64 | 3.0.0 | 42.00 | OK | |||
r-oldrel-macos-x86_64 | 2.0.1 | 44.00 | OK | |||
r-oldrel-windows-x86_64 | 3.0.0 | 11.00 | 92.00 | 103.00 | OK |
Version: 3.0.0
Check: data for non-ASCII characters
Result: NOTE
Note: found 30 marked UTF-8 strings
Flavors: r-devel-linux-x86_64-fedora-clang, r-devel-linux-x86_64-fedora-gcc