Last updated on 2023-12-04 05:09:23 CET.
Flavor | Version | Tinstall | Tcheck | Ttotal | Status | Flags |
---|---|---|---|---|---|---|
r-devel-linux-x86_64-debian-clang | 0.1.4 | 6.84 | 45.81 | 52.65 | NOTE | |
r-devel-linux-x86_64-debian-gcc | 0.1.4 | 5.66 | 34.84 | 40.50 | NOTE | |
r-devel-linux-x86_64-fedora-clang | 0.1.4 | 68.82 | NOTE | |||
r-devel-linux-x86_64-fedora-gcc | 0.1.4 | 76.13 | NOTE | |||
r-devel-windows-x86_64 | 0.1.4 | 8.00 | 62.00 | 70.00 | NOTE | |
r-patched-linux-x86_64 | 0.1.4 | 4.76 | 44.28 | 49.04 | NOTE | |
r-release-linux-x86_64 | 0.1.4 | 4.29 | 44.13 | 48.42 | NOTE | |
r-release-macos-arm64 | 0.1.4 | 34.00 | NOTE | |||
r-release-macos-x86_64 | 0.1.4 | 51.00 | NOTE | |||
r-release-windows-x86_64 | 0.1.4 | 11.00 | 68.00 | 79.00 | NOTE | |
r-oldrel-macos-arm64 | 0.1.4 | 34.00 | NOTE | |||
r-oldrel-macos-x86_64 | 0.1.4 | 39.00 | NOTE | |||
r-oldrel-windows-x86_64 | 0.1.4 | 10.00 | 68.00 | 78.00 | OK |
Version: 0.1.4
Check: C++ specification
Result: NOTE
Specified C++11: please drop specification unless essential
Flavors: r-devel-linux-x86_64-debian-clang, r-devel-linux-x86_64-debian-gcc, r-devel-linux-x86_64-fedora-clang, r-devel-linux-x86_64-fedora-gcc, r-devel-windows-x86_64, r-patched-linux-x86_64, r-release-linux-x86_64, r-release-macos-arm64, r-release-macos-x86_64, r-release-windows-x86_64
Version: 0.1.4
Check: data for non-ASCII characters
Result: NOTE
Note: found 301 marked UTF-8 strings
Flavors: r-devel-linux-x86_64-fedora-clang, r-devel-linux-x86_64-fedora-gcc, r-oldrel-macos-arm64, r-oldrel-macos-x86_64