CRAN Package Check Results for Package tapnet

Last updated on 2024-02-26 04:49:42 CET.

Flavor Version Tinstall Tcheck Ttotal Status Flags
r-devel-linux-x86_64-debian-clang 0.3 15.96 134.21 150.17 NOTE
r-devel-linux-x86_64-debian-gcc 0.3 11.96 99.71 111.67 NOTE
r-devel-linux-x86_64-fedora-clang 0.3 184.28 NOTE
r-devel-linux-x86_64-fedora-gcc 0.3 187.46 NOTE
r-devel-windows-x86_64 0.3 14.00 116.00 130.00 NOTE
r-patched-linux-x86_64 0.3 14.68 128.98 143.66 NOTE
r-release-linux-x86_64 0.3 12.58 126.52 139.10 NOTE
r-release-macos-arm64 0.3 62.00 NOTE
r-release-macos-x86_64 0.3 107.00 NOTE
r-release-windows-x86_64 0.3 18.00 136.00 154.00 NOTE
r-oldrel-macos-arm64 0.3 54.00 OK
r-oldrel-windows-x86_64 0.3 19.00 142.00 161.00 OK

Check Details

Version: 0.3
Check: Rd files
Result: NOTE checkRd: (-1) tapnet-package.Rd:40: Escaped LaTeX specials: \& Flavors: r-devel-linux-x86_64-debian-clang, r-devel-linux-x86_64-debian-gcc, r-devel-linux-x86_64-fedora-clang, r-devel-linux-x86_64-fedora-gcc, r-devel-windows-x86_64, r-patched-linux-x86_64, r-release-linux-x86_64, r-release-macos-arm64, r-release-macos-x86_64, r-release-windows-x86_64