CRAN Package Check Results for Package tagcloud

Last updated on 2024-03-01 04:51:57 CET.

Flavor Version Tinstall Tcheck Ttotal Status Flags
r-devel-linux-x86_64-debian-clang 0.6 22.40 36.97 59.37 OK
r-devel-linux-x86_64-debian-gcc 0.6 17.76 28.88 46.64 OK
r-devel-linux-x86_64-fedora-clang 0.6 83.78 NOTE
r-devel-linux-x86_64-fedora-gcc 0.6 109.00 NOTE
r-devel-windows-x86_64 0.6 22.00 64.00 86.00 OK
r-patched-linux-x86_64 0.6 25.15 36.53 61.68 OK
r-release-linux-x86_64 0.6 22.00 36.15 58.15 OK
r-release-macos-arm64 0.6 41.00 OK
r-release-macos-x86_64 0.6 58.00 OK
r-release-windows-x86_64 0.6 25.00 76.00 101.00 OK
r-oldrel-macos-arm64 0.6 33.00 OK
r-oldrel-windows-x86_64 0.6 27.00 74.00 101.00 OK

Check Details

Version: 0.6
Check: compiled code
Result: NOTE File ‘tagcloud/libs/tagcloud.so’: Found no calls to: ‘R_registerRoutines’, ‘R_useDynamicSymbols’ It is good practice to register native routines and to disable symbol search. See ‘Writing portable packages’ in the ‘Writing R Extensions’ manual. Flavors: r-devel-linux-x86_64-fedora-clang, r-devel-linux-x86_64-fedora-gcc