Last updated on 2023-12-08 05:02:19 CET.
Flavor | Version | Tinstall | Tcheck | Ttotal | Status | Flags |
---|---|---|---|---|---|---|
r-devel-linux-x86_64-debian-clang | 0.1.0 | 6.19 | 59.92 | 66.11 | OK | |
r-devel-linux-x86_64-debian-gcc | 0.1.0 | 4.27 | 45.26 | 49.53 | OK | |
r-devel-linux-x86_64-fedora-clang | 0.1.0 | 83.09 | NOTE | |||
r-devel-linux-x86_64-fedora-gcc | 0.1.0 | 88.28 | NOTE | |||
r-devel-windows-x86_64 | 0.1.0 | 6.00 | 67.00 | 73.00 | OK | |
r-patched-linux-x86_64 | 0.1.0 | 3.80 | 57.55 | 61.35 | OK | |
r-release-linux-x86_64 | 0.1.0 | 3.41 | 57.41 | 60.82 | OK | |
r-release-macos-arm64 | 0.1.0 | 32.00 | OK | |||
r-release-macos-x86_64 | 0.1.0 | 55.00 | OK | |||
r-release-windows-x86_64 | 0.1.0 | 8.00 | 74.00 | 82.00 | OK | |
r-oldrel-macos-arm64 | 0.1.0 | 29.00 | NOTE | |||
r-oldrel-macos-x86_64 | 0.1.0 | 49.00 | NOTE | |||
r-oldrel-windows-x86_64 | 0.1.0 | 8.00 | 78.00 | 86.00 | OK |
Version: 0.1.0
Check: data for non-ASCII characters
Result: NOTE
Note: found 81 marked UTF-8 strings
Flavors: r-devel-linux-x86_64-fedora-clang, r-devel-linux-x86_64-fedora-gcc, r-oldrel-macos-arm64, r-oldrel-macos-x86_64