CRAN Package Check Results for Package tabledown

Last updated on 2024-02-25 04:51:20 CET.

Flavor Version Tinstall Tcheck Ttotal Status Flags
r-devel-linux-x86_64-debian-clang 0.0.3 15.09 197.70 212.79 OK
r-devel-linux-x86_64-debian-gcc 0.0.3 11.41 160.87 172.28 OK
r-devel-linux-x86_64-fedora-clang 0.0.3 259.95 NOTE
r-devel-linux-x86_64-fedora-gcc 0.0.3 277.52 NOTE
r-devel-windows-x86_64 0.0.3 14.00 167.00 181.00 OK
r-patched-linux-x86_64 0.0.3 14.64 215.34 229.98 OK
r-release-linux-x86_64 0.0.3 13.23 209.29 222.52 OK
r-release-macos-arm64 0.0.3 104.00 OK
r-release-macos-x86_64 0.0.3 149.00 OK
r-release-windows-x86_64 0.0.3 20.00 210.00 230.00 OK
r-oldrel-macos-arm64 0.0.3 56.00 NOTE
r-oldrel-windows-x86_64 0.0.3 18.00 202.00 220.00 OK

Check Details

Version: 0.0.3
Check: data for non-ASCII characters
Result: NOTE Note: found 551 marked UTF-8 strings Flavors: r-devel-linux-x86_64-fedora-clang, r-devel-linux-x86_64-fedora-gcc, r-oldrel-macos-arm64