Last updated on 2023-11-29 04:57:39 CET.
Flavor | Version | Tinstall | Tcheck | Ttotal | Status | Flags |
---|---|---|---|---|---|---|
r-devel-linux-x86_64-debian-clang | 1.8 | 11.47 | 99.52 | 110.99 | NOTE | |
r-devel-linux-x86_64-debian-gcc | 1.8 | 9.16 | 71.76 | 80.92 | NOTE | |
r-devel-linux-x86_64-fedora-clang | 1.8 | 132.10 | OK | |||
r-devel-linux-x86_64-fedora-gcc | 1.8 | 126.88 | OK | |||
r-devel-windows-x86_64 | 1.8 | 10.00 | 86.00 | 96.00 | OK | |
r-patched-linux-x86_64 | 1.8 | 10.84 | 94.43 | 105.27 | OK | |
r-release-linux-x86_64 | 1.8 | 9.24 | 94.91 | 104.15 | OK | |
r-release-macos-arm64 | 1.8 | 45.00 | OK | |||
r-release-macos-x86_64 | 1.8 | 67.00 | OK | |||
r-release-windows-x86_64 | 1.8 | 12.00 | 99.00 | 111.00 | OK | |
r-oldrel-macos-arm64 | 1.8 | 40.00 | OK | |||
r-oldrel-macos-x86_64 | 1.8 | 58.00 | OK | |||
r-oldrel-windows-x86_64 | 1.8 | 14.00 | 104.00 | 118.00 | OK |
Version: 1.8
Check: Rd files
Result: NOTE
checkRd: (-1) tLagData.Rd:12: Lost braces; missing escapes or markup?
12 | \item{A:}{The treatment received, where A={0,1}.}
| ^
Flavors: r-devel-linux-x86_64-debian-clang, r-devel-linux-x86_64-debian-gcc