Last updated on 2023-12-01 04:54:12 CET.
Flavor | Version | Tinstall | Tcheck | Ttotal | Status | Flags |
---|---|---|---|---|---|---|
r-devel-linux-x86_64-debian-clang | 1.0.7 | 12.28 | 305.97 | 318.25 | OK | |
r-devel-linux-x86_64-debian-gcc | 1.0.7 | 10.66 | 239.36 | 250.02 | OK | |
r-devel-linux-x86_64-fedora-clang | 1.0.7 | 393.48 | NOTE | |||
r-devel-linux-x86_64-fedora-gcc | 1.0.7 | 403.15 | OK | |||
r-devel-windows-x86_64 | 1.0.7 | 12.00 | 273.00 | 285.00 | NOTE | |
r-patched-linux-x86_64 | 1.0.7 | 11.70 | 301.67 | 313.37 | OK | |
r-release-linux-x86_64 | 1.0.7 | 11.44 | 306.05 | 317.49 | OK | |
r-release-macos-arm64 | 1.0.7 | 134.00 | NOTE | |||
r-release-macos-x86_64 | 1.0.7 | 349.00 | NOTE | |||
r-release-windows-x86_64 | 1.0.7 | 16.00 | 339.00 | 355.00 | NOTE | |
r-oldrel-macos-arm64 | 1.0.7 | 123.00 | NOTE | |||
r-oldrel-macos-x86_64 | 1.0.7 | 182.00 | NOTE | |||
r-oldrel-windows-x86_64 | 1.0.7 | 16.00 | 323.00 | 339.00 | NOTE |
Version: 1.0.7
Check: installed package size
Result: NOTE
installed size is 5.3Mb
sub-directories of 1Mb or more:
R 1.3Mb
extdata 3.1Mb
Flavors: r-devel-linux-x86_64-fedora-clang, r-devel-windows-x86_64, r-release-macos-arm64, r-release-macos-x86_64, r-release-windows-x86_64, r-oldrel-macos-arm64, r-oldrel-macos-x86_64, r-oldrel-windows-x86_64