CRAN Package Check Results for Package symmetry

Last updated on 2024-02-26 04:49:42 CET.

Flavor Version Tinstall Tcheck Ttotal Status Flags
r-devel-linux-x86_64-debian-clang 0.2.3 250.65 41.62 292.27 OK
r-devel-linux-x86_64-debian-gcc 0.2.3 177.72 31.92 209.64 OK
r-devel-linux-x86_64-fedora-clang 0.2.3 451.04 OK
r-devel-linux-x86_64-fedora-gcc 0.2.3 413.19 OK
r-devel-windows-x86_64 0.2.3 176.00 75.00 251.00 OK
r-patched-linux-x86_64 0.2.3 220.14 40.38 260.52 OK
r-release-linux-x86_64 0.2.3 221.77 40.84 262.61 OK
r-release-macos-arm64 0.2.3 88.00 NOTE
r-release-macos-x86_64 0.2.3 152.00 OK
r-release-windows-x86_64 0.2.3 227.00 83.00 310.00 OK
r-oldrel-macos-arm64 0.2.3 81.00 OK
r-oldrel-windows-x86_64 0.2.3 212.00 83.00 295.00 OK

Check Details

Version: 0.2.3
Check: installed package size
Result: NOTE installed size is 5.0Mb sub-directories of 1Mb or more: libs 4.9Mb Flavor: r-release-macos-arm64