CRAN Package Check Results for Package sylly

Last updated on 2024-02-23 05:07:34 CET.

Flavor Version Tinstall Tcheck Ttotal Status Flags
r-devel-linux-x86_64-debian-clang 0.1-6 NOTE
r-devel-linux-x86_64-debian-gcc 0.1-6 3.40 31.23 34.63 NOTE
r-devel-linux-x86_64-fedora-clang 0.1-6 58.64 NOTE
r-devel-linux-x86_64-fedora-gcc 0.1-6 68.46 NOTE
r-devel-windows-x86_64 0.1-6 5.00 57.00 62.00 NOTE
r-patched-linux-x86_64 0.1-6 4.66 39.17 43.83 NOTE
r-release-linux-x86_64 0.1-6 4.21 39.56 43.77 NOTE
r-release-macos-arm64 0.1-6 31.00 NOTE
r-release-macos-x86_64 0.1-6 44.00 NOTE
r-release-windows-x86_64 0.1-6 7.00 58.00 65.00 NOTE
r-oldrel-macos-arm64 0.1-6 24.00 NOTE
r-oldrel-windows-x86_64 0.1-6 9.00 61.00 70.00 NOTE

Check Details

Version: 0.1-6
Check: package dependencies
Result: NOTE Packages suggested but not available for checking: 'sylly.de', 'sylly.es' Flavors: r-devel-linux-x86_64-debian-clang, r-devel-linux-x86_64-debian-gcc, r-devel-linux-x86_64-fedora-clang, r-devel-linux-x86_64-fedora-gcc, r-devel-windows-x86_64, r-patched-linux-x86_64, r-release-linux-x86_64, r-release-macos-arm64, r-release-macos-x86_64, r-release-windows-x86_64, r-oldrel-macos-arm64, r-oldrel-windows-x86_64

Version: 0.1-6
Check: Rd files
Result: NOTE checkRd: (-1) kRp.hyphen-methods.Rd:84: Lost braces in \itemize; meant \describe ? checkRd: (-1) kRp.hyphen-methods.Rd:85: Lost braces in \itemize; meant \describe ? checkRd: (-1) kRp.hyphen-methods.Rd:86: Lost braces in \itemize; meant \describe ? checkRd: (-1) kRp.hyphen-methods.Rd:87: Lost braces in \itemize; meant \describe ? checkRd: (-1) manage.hyph.pat.Rd:53: Lost braces in \itemize; meant \describe ? checkRd: (-1) manage.hyph.pat.Rd:54: Lost braces in \itemize; meant \describe ? checkRd: (-1) manage.hyph.pat.Rd:55: Lost braces in \itemize; meant \describe ? checkRd: (-1) manage.hyph.pat.Rd:56: Lost braces in \itemize; meant \describe ? Flavors: r-devel-linux-x86_64-debian-clang, r-devel-linux-x86_64-debian-gcc