CRAN Package Check Results for Package sylly.en

Last updated on 2024-04-14 05:59:56 CEST.

Flavor Version Tinstall Tcheck Ttotal Status Flags
r-devel-linux-x86_64-debian-clang 0.1-3 2.67 30.92 33.59 NOTE
r-devel-linux-x86_64-debian-gcc 0.1-3 2.12 23.63 25.75 NOTE
r-devel-linux-x86_64-fedora-clang 0.1-3 41.02 NOTE
r-devel-linux-x86_64-fedora-gcc 0.1-3 40.71 NOTE
r-devel-windows-x86_64 0.1-3 3.00 51.00 54.00 NOTE
r-patched-linux-x86_64 0.1-3 1.99 29.06 31.05 NOTE
r-release-linux-x86_64 0.1-3 2.81 30.09 32.90 OK
r-release-macos-arm64 0.1-3 19.00 OK
r-release-macos-x86_64 0.1-3 24.00 OK
r-release-windows-x86_64 0.1-3 4.00 46.00 50.00 OK
r-oldrel-macos-arm64 0.1-3 18.00 OK
r-oldrel-windows-x86_64 0.1-3 4.00 50.00 54.00 OK

Check Details

Version: 0.1-3
Check: Rd files
Result: NOTE checkRd: (-1) hyph.support.en.Rd:19: Lost braces in \itemize; meant \describe ? checkRd: (-1) hyph.support.en.Rd:20: Lost braces in \itemize; meant \describe ? Flavors: r-devel-linux-x86_64-debian-clang, r-devel-linux-x86_64-debian-gcc, r-devel-linux-x86_64-fedora-clang, r-devel-linux-x86_64-fedora-gcc, r-devel-windows-x86_64, r-patched-linux-x86_64