CRAN Package Check Results for Package swagger

Last updated on 2023-12-04 05:09:23 CET.

Flavor Version Tinstall Tcheck Ttotal Status Flags
r-devel-linux-x86_64-debian-clang 3.33.1 1.99 21.64 23.63 NOTE
r-devel-linux-x86_64-debian-gcc 3.33.1 1.62 17.07 18.69 NOTE
r-devel-linux-x86_64-fedora-clang 3.33.1 30.56 NOTE
r-devel-linux-x86_64-fedora-gcc 3.33.1 28.27 NOTE
r-devel-windows-x86_64 3.33.1 3.00 41.00 44.00 NOTE
r-patched-linux-x86_64 3.33.1 1.74 21.61 23.35 NOTE
r-release-linux-x86_64 3.33.1 1.96 21.59 23.55 NOTE
r-release-macos-arm64 3.33.1 16.00 NOTE
r-release-macos-x86_64 3.33.1 21.00 NOTE
r-release-windows-x86_64 3.33.1 3.00 39.00 42.00 NOTE
r-oldrel-macos-arm64 3.33.1 24.00 NOTE
r-oldrel-macos-x86_64 3.33.1 22.00 NOTE
r-oldrel-windows-x86_64 3.33.1 4.00 42.00 46.00 NOTE

Check Details

Version: 3.33.1
Check: LazyData
Result: NOTE 'LazyData' is specified without a 'data' directory Flavors: r-devel-linux-x86_64-debian-clang, r-devel-linux-x86_64-debian-gcc, r-devel-linux-x86_64-fedora-clang, r-devel-linux-x86_64-fedora-gcc, r-devel-windows-x86_64, r-patched-linux-x86_64, r-release-linux-x86_64, r-release-macos-arm64, r-release-macos-x86_64, r-release-windows-x86_64, r-oldrel-macos-arm64, r-oldrel-macos-x86_64, r-oldrel-windows-x86_64