CRAN Package Check Results for Package svars

Last updated on 2024-02-29 04:54:30 CET.

Flavor Version Tinstall Tcheck Ttotal Status Flags
r-devel-linux-x86_64-debian-clang 1.3.11 164.51 223.50 388.01 OK
r-devel-linux-x86_64-debian-gcc 1.3.11 121.77 165.66 287.43 OK
r-devel-linux-x86_64-fedora-clang 1.3.11 533.36 OK
r-devel-linux-x86_64-fedora-gcc 1.3.11 533.15 OK
r-devel-windows-x86_64 1.3.11 123.00 208.00 331.00 OK
r-patched-linux-x86_64 1.3.11 169.23 216.73 385.96 OK
r-release-linux-x86_64 1.3.11 154.88 219.31 374.19 OK
r-release-macos-arm64 1.3.11 149.00 NOTE
r-release-macos-x86_64 1.3.11 239.00 NOTE
r-release-windows-x86_64 1.3.11 153.00 250.00 403.00 OK
r-oldrel-macos-arm64 1.3.11 106.00 NOTE
r-oldrel-windows-x86_64 1.3.11 154.00 243.00 397.00 OK

Check Details

Version: 1.3.11
Check: installed package size
Result: NOTE installed size is 9.0Mb sub-directories of 1Mb or more: help 1.0Mb libs 7.2Mb Flavors: r-release-macos-arm64, r-release-macos-x86_64, r-oldrel-macos-arm64