Last updated on 2023-12-09 04:51:09 CET.
Flavor | Version | Tinstall | Tcheck | Ttotal | Status | Flags |
---|---|---|---|---|---|---|
r-devel-linux-x86_64-debian-clang | 0.1.1 | 17.85 | 1091.81 | 1109.66 | NOTE | |
r-devel-linux-x86_64-debian-gcc | 0.1.1 | 12.50 | 798.14 | 810.64 | NOTE | |
r-devel-linux-x86_64-fedora-clang | 0.1.1 | 978.19 | OK | |||
r-devel-linux-x86_64-fedora-gcc | 0.1.1 | 1395.12 | OK | |||
r-devel-windows-x86_64 | 0.1.1 | 14.00 | 1345.00 | 1359.00 | OK | |
r-patched-linux-x86_64 | 0.1.1 | 16.17 | 1057.59 | 1073.76 | OK | |
r-release-linux-x86_64 | 0.1.1 | 15.82 | 1082.39 | 1098.21 | OK | |
r-release-macos-arm64 | 0.1.1 | 543.00 | OK | |||
r-release-macos-x86_64 | 0.1.1 | 835.00 | OK | |||
r-release-windows-x86_64 | 0.1.1 | 19.00 | 1211.00 | 1230.00 | OK | |
r-oldrel-macos-arm64 | 0.1.1 | 448.00 | OK | |||
r-oldrel-macos-x86_64 | 0.1.1 | 794.00 | OK | |||
r-oldrel-windows-x86_64 | 0.1.1 | 18.00 | 1181.00 | 1199.00 | OK |
Version: 0.1.1
Check: Rd files
Result: NOTE
checkRd: (-1) coxph_mpl_dc.Rd:24: Lost braces; missing escapes or markup?
24 | \item{mpl_h0t}{MPL estimates of the baseline hazard for T, i.e. h_{0T}(x_i)}
| ^
checkRd: (-1) coxph_mpl_dc.Rd:25: Lost braces; missing escapes or markup?
25 | \item{mpl_h0c}{MPL estimates of the baseline hazard for C, i.e. h_{0C}(x_i)}
| ^
checkRd: (-1) coxph_mpl_dc.Rd:26: Lost braces; missing escapes or markup?
26 | \item{mpl_H0t}{MPL estimates of the baseline cumulative hazard for T, i.e. H_{0T}(x_i)}
| ^
checkRd: (-1) coxph_mpl_dc.Rd:27: Lost braces; missing escapes or markup?
27 | \item{mpl_H0c}{MPL estimates of the baseline cumulative hazard for C, i.e. H_{0c}(x_i)}
| ^
checkRd: (-1) coxph_mpl_dc.Rd:28: Lost braces; missing escapes or markup?
28 | \item{mpl_S0t}{MPL estimates of the baseline survival for T, i.e. S_{0T}(x_i)}
| ^
checkRd: (-1) coxph_mpl_dc.Rd:29: Lost braces; missing escapes or markup?
29 | \item{mpl_S0c}{MPL estimates of the baseline survival for C, i.e. S_{0C}(x_i)}
| ^
Flavors: r-devel-linux-x86_64-debian-clang, r-devel-linux-x86_64-debian-gcc