Last updated on 2023-11-30 04:53:09 CET.
Flavor | Version | Tinstall | Tcheck | Ttotal | Status | Flags |
---|---|---|---|---|---|---|
r-devel-linux-x86_64-debian-clang | 0.0-2 | 51.49 | 31.45 | 82.94 | NOTE | |
r-devel-linux-x86_64-debian-gcc | 0.0-2 | 36.69 | 24.27 | 60.96 | NOTE | |
r-devel-linux-x86_64-fedora-clang | 0.0-2 | 133.00 | NOTE | |||
r-devel-linux-x86_64-fedora-gcc | 0.0-2 | 119.69 | NOTE | |||
r-devel-windows-x86_64 | 0.0-2 | 47.00 | 64.00 | 111.00 | NOTE | |
r-patched-linux-x86_64 | 0.0-2 | 42.32 | 31.08 | 73.40 | NOTE | |
r-release-linux-x86_64 | 0.0-2 | 43.22 | 30.30 | 73.52 | NOTE | |
r-release-macos-arm64 | 0.0-2 | 38.00 | NOTE | |||
r-release-macos-x86_64 | 0.0-2 | 54.00 | NOTE | |||
r-release-windows-x86_64 | 0.0-2 | 55.00 | 70.00 | 125.00 | NOTE | |
r-oldrel-macos-arm64 | 0.0-2 | 33.00 | OK | |||
r-oldrel-macos-x86_64 | 0.0-2 | 45.00 | OK | |||
r-oldrel-windows-x86_64 | 0.0-2 | 56.00 | 71.00 | 127.00 | OK |
Version: 0.0-2
Check: C++ specification
Result: NOTE
Specified C++11: please drop specification unless essential
Flavors: r-devel-linux-x86_64-debian-clang, r-devel-linux-x86_64-debian-gcc, r-devel-linux-x86_64-fedora-clang, r-devel-linux-x86_64-fedora-gcc, r-devel-windows-x86_64, r-patched-linux-x86_64, r-release-linux-x86_64, r-release-macos-arm64, r-release-macos-x86_64, r-release-windows-x86_64