CRAN Package Check Results for Package survidm

Last updated on 2024-06-14 05:58:42 CEST.

Flavor Version Tinstall Tcheck Ttotal Status Flags
r-devel-linux-x86_64-debian-clang 1.3.2 24.86 171.77 196.63 NOTE
r-devel-linux-x86_64-debian-gcc 1.3.2 0.40 1.59 1.99 ERROR
r-devel-linux-x86_64-fedora-clang 1.3.2 244.08 NOTE
r-devel-linux-x86_64-fedora-gcc 1.3.2 229.83 NOTE
r-devel-windows-x86_64 1.3.2 21.00 131.00 152.00 NOTE
r-patched-linux-x86_64 1.3.2 23.37 162.80 186.17 NOTE
r-release-linux-x86_64 1.3.2 15.27 158.45 173.72 NOTE
r-release-macos-arm64 1.3.2 56.00 NOTE
r-release-macos-x86_64 1.3.2 102.00 NOTE
r-release-windows-x86_64 1.3.2 21.00 132.00 153.00 NOTE
r-oldrel-macos-arm64 1.3.2 69.00 OK
r-oldrel-macos-x86_64 1.3.2 111.00 OK
r-oldrel-windows-x86_64 1.3.2 30.00 156.00 186.00 OK

Check Details

Version: 1.3.2
Check: Rd files
Result: NOTE checkRd: (-1) tprob.Rd:138: Lost braces in \itemize; meant \describe ? checkRd: (-1) tprob.Rd:139: Lost braces in \itemize; meant \describe ? checkRd: (-1) tprob.Rd:140: Lost braces in \itemize; meant \describe ? checkRd: (-1) tprob.Rd:141: Lost braces in \itemize; meant \describe ? checkRd: (-1) tprob.Rd:142: Lost braces in \itemize; meant \describe ? checkRd: (-1) tprob.Rd:143: Lost braces in \itemize; meant \describe ? checkRd: (-1) tprob.Rd:144: Lost braces in \itemize; meant \describe ? checkRd: (-1) tprob.Rd:145: Lost braces in \itemize; meant \describe ? checkRd: (-1) tprob.Rd:146: Lost braces in \itemize; meant \describe ? Flavors: r-devel-linux-x86_64-debian-clang, r-devel-linux-x86_64-fedora-clang, r-devel-linux-x86_64-fedora-gcc, r-devel-windows-x86_64, r-patched-linux-x86_64, r-release-linux-x86_64, r-release-macos-arm64, r-release-macos-x86_64, r-release-windows-x86_64

Version: 1.3.2
Check: package dependencies
Result: ERROR Packages required but not available: 'ggplot2', 'plotly' See section ‘The DESCRIPTION file’ in the ‘Writing R Extensions’ manual. Flavor: r-devel-linux-x86_64-debian-gcc