Last updated on 2023-12-02 04:52:31 CET.
Flavor | Version | Tinstall | Tcheck | Ttotal | Status | Flags |
---|---|---|---|---|---|---|
r-devel-linux-x86_64-debian-clang | 1.3.2 | 25.27 | 169.37 | 194.64 | NOTE | |
r-devel-linux-x86_64-debian-gcc | 1.3.2 | 18.24 | 124.39 | 142.63 | NOTE | |
r-devel-linux-x86_64-fedora-clang | 1.3.2 | 245.13 | OK | |||
r-devel-linux-x86_64-fedora-gcc | 1.3.2 | 227.74 | OK | |||
r-devel-windows-x86_64 | 1.3.2 | 24.00 | 137.00 | 161.00 | OK | |
r-patched-linux-x86_64 | 1.3.2 | 17.01 | 161.32 | 178.33 | OK | |
r-release-linux-x86_64 | 1.3.2 | 15.17 | 161.08 | 176.25 | OK | |
r-release-macos-arm64 | 1.3.2 | 69.00 | OK | |||
r-release-macos-x86_64 | 1.3.2 | 111.00 | OK | |||
r-release-windows-x86_64 | 1.3.2 | 29.00 | 167.00 | 196.00 | OK | |
r-oldrel-macos-arm64 | 1.3.2 | 69.00 | OK | |||
r-oldrel-macos-x86_64 | 1.3.2 | 104.00 | OK | |||
r-oldrel-windows-x86_64 | 1.3.2 | 29.00 | 167.00 | 196.00 | OK |
Version: 1.3.2
Check: Rd files
Result: NOTE
checkRd: (-1) tprob.Rd:138: Lost braces in \itemize; meant \describe ?
checkRd: (-1) tprob.Rd:139: Lost braces in \itemize; meant \describe ?
checkRd: (-1) tprob.Rd:140: Lost braces in \itemize; meant \describe ?
checkRd: (-1) tprob.Rd:141: Lost braces in \itemize; meant \describe ?
checkRd: (-1) tprob.Rd:142: Lost braces in \itemize; meant \describe ?
checkRd: (-1) tprob.Rd:143: Lost braces in \itemize; meant \describe ?
checkRd: (-1) tprob.Rd:144: Lost braces in \itemize; meant \describe ?
checkRd: (-1) tprob.Rd:145: Lost braces in \itemize; meant \describe ?
checkRd: (-1) tprob.Rd:146: Lost braces in \itemize; meant \describe ?
Flavors: r-devel-linux-x86_64-debian-clang, r-devel-linux-x86_64-debian-gcc