Last updated on 2023-11-28 04:57:35 CET.
Flavor | Version | Tinstall | Tcheck | Ttotal | Status | Flags |
---|---|---|---|---|---|---|
r-devel-linux-x86_64-debian-clang | 4.2-1 | 25.66 | 414.29 | 439.95 | NOTE | |
r-devel-linux-x86_64-debian-gcc | 4.2-1 | 22.20 | 306.62 | 328.82 | NOTE | |
r-devel-linux-x86_64-fedora-clang | 4.2-1 | 560.85 | OK | |||
r-devel-linux-x86_64-fedora-gcc | 4.2-1 | 549.31 | OK | |||
r-devel-windows-x86_64 | 4.2-1 | 26.00 | 369.00 | 395.00 | OK | |
r-patched-linux-x86_64 | 4.2-1 | 31.91 | 396.06 | 427.97 | OK | |
r-release-linux-x86_64 | 4.2-1 | 29.63 | 398.15 | 427.78 | OK | |
r-release-macos-arm64 | 4.2-1 | 170.00 | OK | |||
r-release-macos-x86_64 | 4.2-1 | 530.00 | OK | |||
r-release-windows-x86_64 | 4.2-1 | 37.00 | 439.00 | 476.00 | OK | |
r-oldrel-macos-arm64 | 4.2-1 | 159.00 | OK | |||
r-oldrel-macos-x86_64 | 4.2-1 | 211.00 | OK | |||
r-oldrel-windows-x86_64 | 4.2-1 | 37.00 | 439.00 | 476.00 | OK |
Version: 4.2-1
Check: Rd files
Result: NOTE
checkRd: (-1) svyquantile.Rd:58: Lost braces; missing escapes or markup?
58 | quantile interval; \code{"hf1"} to {"hf9"} are weighted analogues of
| ^
Flavors: r-devel-linux-x86_64-debian-clang, r-devel-linux-x86_64-debian-gcc