CRAN Package Check Results for Package survex

Last updated on 2024-06-14 05:58:42 CEST.

Flavor Version Tinstall Tcheck Ttotal Status Flags
r-devel-linux-x86_64-debian-clang 1.2.0 14.12 124.87 138.99 OK
r-devel-linux-x86_64-debian-gcc 1.2.0 0.34 1.60 1.94 ERROR
r-devel-linux-x86_64-fedora-clang 1.2.0 174.98 OK
r-devel-linux-x86_64-fedora-gcc 1.2.0 161.14 OK
r-devel-windows-x86_64 1.2.0 15.00 110.00 125.00 OK
r-patched-linux-x86_64 1.2.0 13.84 118.35 132.19 OK
r-release-linux-x86_64 1.2.0 15.67 117.59 133.26 OK
r-release-macos-arm64 1.2.0 41.00 OK
r-release-macos-x86_64 1.2.0 70.00 OK
r-release-windows-x86_64 1.2.0 15.00 113.00 128.00 OK
r-oldrel-macos-arm64 1.2.0 54.00 OK
r-oldrel-macos-x86_64 1.2.0 114.00 OK
r-oldrel-windows-x86_64 1.2.0 20.00 134.00 154.00 OK

Check Details

Version: 1.2.0
Check: package dependencies
Result: ERROR Packages required but not available: 'DALEX', 'ggplot2', 'pec', 'patchwork' Packages suggested but not available for checking: 'censored', 'flexsurv', 'ingredients', 'parsnip', 'randomForestSRC', 'rms', 'testthat', 'treeshap' See section ‘The DESCRIPTION file’ in the ‘Writing R Extensions’ manual. Flavor: r-devel-linux-x86_64-debian-gcc