Last updated on 2023-12-06 04:56:08 CET.
Flavor | Version | Tinstall | Tcheck | Ttotal | Status | Flags |
---|---|---|---|---|---|---|
r-devel-linux-x86_64-debian-clang | 1.0-5 | 13.89 | 116.47 | 130.36 | NOTE | |
r-devel-linux-x86_64-debian-gcc | 1.0-5 | 9.80 | 84.46 | 94.26 | NOTE | |
r-devel-linux-x86_64-fedora-clang | 1.0-5 | 160.46 | NOTE | |||
r-devel-linux-x86_64-fedora-gcc | 1.0-5 | 151.07 | NOTE | |||
r-devel-windows-x86_64 | 1.0-5 | 12.00 | 95.00 | 107.00 | NOTE | |
r-patched-linux-x86_64 | 1.0-5 | 8.74 | 106.87 | 115.61 | NOTE | |
r-release-linux-x86_64 | 1.0-5 | 8.23 | 108.08 | 116.31 | NOTE | |
r-release-macos-arm64 | 1.0-5 | 50.00 | NOTE | |||
r-release-macos-x86_64 | 1.0-5 | 78.00 | NOTE | |||
r-release-windows-x86_64 | 1.0-5 | 15.00 | 115.00 | 130.00 | NOTE | |
r-oldrel-macos-arm64 | 1.0-5 | 41.00 | NOTE | |||
r-oldrel-macos-x86_64 | 1.0-5 | 71.00 | NOTE | |||
r-oldrel-windows-x86_64 | 1.0-5 | 15.00 | 118.00 | 133.00 | NOTE |
Version: 1.0-5
Check: LazyData
Result: NOTE
'LazyData' is specified without a 'data' directory
Flavors: r-devel-linux-x86_64-debian-clang, r-devel-linux-x86_64-debian-gcc, r-devel-linux-x86_64-fedora-clang, r-devel-linux-x86_64-fedora-gcc, r-devel-windows-x86_64, r-patched-linux-x86_64, r-release-linux-x86_64, r-release-macos-arm64, r-release-macos-x86_64, r-release-windows-x86_64, r-oldrel-macos-arm64, r-oldrel-macos-x86_64, r-oldrel-windows-x86_64