CRAN Package Check Results for Package superheat

Last updated on 2024-04-23 05:58:30 CEST.

Flavor Version Tinstall Tcheck Ttotal Status Flags
r-devel-linux-x86_64-debian-clang 0.1.0 4.16 186.11 190.27 NOTE
r-devel-linux-x86_64-debian-gcc 0.1.0 3.86 127.72 131.58 NOTE
r-devel-linux-x86_64-fedora-clang 0.1.0 232.30 NOTE
r-devel-linux-x86_64-fedora-gcc 0.1.0 220.39 NOTE
r-prerel-macos-arm64 0.1.0 59.00 NOTE
r-prerel-windows-x86_64 0.1.0 5.00 130.00 135.00 NOTE
r-patched-linux-x86_64 0.1.0 4.77 173.68 178.45 NOTE
r-release-linux-x86_64 0.1.0 4.57 175.57 180.14 NOTE
r-release-macos-arm64 0.1.0 63.00 NOTE
r-release-macos-x86_64 0.1.0 103.00 NOTE
r-release-windows-x86_64 0.1.0 7.00 164.00 171.00 NOTE
r-oldrel-macos-arm64 0.1.0 46.00 NOTE
r-oldrel-windows-x86_64 0.1.0 7.00 166.00 173.00 NOTE

Check Details

Version: 0.1.0
Check: LazyData
Result: NOTE 'LazyData' is specified without a 'data' directory Flavors: r-devel-linux-x86_64-debian-clang, r-devel-linux-x86_64-debian-gcc, r-devel-linux-x86_64-fedora-clang, r-devel-linux-x86_64-fedora-gcc, r-prerel-macos-arm64, r-prerel-windows-x86_64, r-patched-linux-x86_64, r-release-linux-x86_64, r-release-macos-arm64, r-release-macos-x86_64, r-release-windows-x86_64, r-oldrel-macos-arm64, r-oldrel-windows-x86_64