Last updated on 2023-12-03 04:56:23 CET.
Flavor | Version | Tinstall | Tcheck | Ttotal | Status | Flags |
---|---|---|---|---|---|---|
r-devel-linux-x86_64-debian-clang | 1.0.1 | 19.81 | 300.11 | 319.92 | NOTE | |
r-devel-linux-x86_64-debian-gcc | 1.0.1 | 12.86 | 214.03 | 226.89 | NOTE | |
r-devel-linux-x86_64-fedora-clang | 1.0.1 | 380.88 | OK | |||
r-devel-linux-x86_64-fedora-gcc | 1.0.1 | 384.92 | OK | |||
r-devel-windows-x86_64 | 1.0.1 | 15.00 | 259.00 | 274.00 | OK | |
r-patched-linux-x86_64 | 1.0.1 | 12.63 | 285.57 | 298.20 | OK | |
r-release-linux-x86_64 | 1.0.1 | 10.60 | 283.11 | 293.71 | OK | |
r-release-macos-arm64 | 1.0.1 | 114.00 | OK | |||
r-release-macos-x86_64 | 1.0.1 | 245.00 | OK | |||
r-release-windows-x86_64 | 1.0.1 | 19.00 | 294.00 | 313.00 | OK | |
r-oldrel-macos-arm64 | 1.0.1 | 106.00 | OK | |||
r-oldrel-macos-x86_64 | 1.0.1 | 186.00 | OK | |||
r-oldrel-windows-x86_64 | 1.0.1 | 20.00 | 293.00 | 313.00 | OK |
Version: 1.0.1
Check: Rd files
Result: NOTE
checkRd: (-1) bernoulli_ARL.Rd:54: Lost braces; missing escapes or markup?
54 | depending on the state in which the process starts (E_0, E_1, ..., E_{n_grid-1})
| ^
checkRd: (-1) bernoulli_ARL.Rd:57: Lost braces; missing escapes or markup?
57 | discretized state spaces E_{i};}
| ^
checkRd: (-1) bernoulli_RL_cdf.Rd:57: Lost braces; missing escapes or markup?
57 | depending on the state in which the process starts (E_0, E_1, ..., E_{n_grid-1})
| ^
checkRd: (-1) bernoulli_RL_cdf.Rd:60: Lost braces; missing escapes or markup?
60 | discretized state spaces E_{i};}
| ^
checkRd: (-1) bk_cusum.Rd:92-94: Lost braces in \itemize; meant \describe ?
checkRd: (-1) bk_cusum.Rd:95-97: Lost braces in \itemize; meant \describe ?
checkRd: (-1) cgr_cusum.Rd:109-111: Lost braces in \itemize; meant \describe ?
checkRd: (-1) cgr_cusum.Rd:112-114: Lost braces in \itemize; meant \describe ?
checkRd: (-1) parameter_assist.Rd:58: Lost braces in \itemize; \value handles \item{}{} directly
checkRd: (-1) parameter_assist.Rd:59: Lost braces in \itemize; \value handles \item{}{} directly
checkRd: (-1) parameter_assist.Rd:60: Lost braces in \itemize; \value handles \item{}{} directly
checkRd: (-1) parameter_assist.Rd:61-63: Lost braces in \itemize; \value handles \item{}{} directly
checkRd: (-1) parameter_assist.Rd:64-66: Lost braces in \itemize; \value handles \item{}{} directly
checkRd: (-1) parameter_assist.Rd:67: Lost braces in \itemize; \value handles \item{}{} directly
checkRd: (-1) parameter_assist.Rd:68: Lost braces in \itemize; \value handles \item{}{} directly
checkRd: (-1) parameter_assist.Rd:69: Lost braces in \itemize; \value handles \item{}{} directly
checkRd: (-1) parameter_assist.Rd:70: Lost braces in \itemize; \value handles \item{}{} directly
checkRd: (-1) parameter_assist.Rd:71: Lost braces in \itemize; \value handles \item{}{} directly
Flavors: r-devel-linux-x86_64-debian-clang, r-devel-linux-x86_64-debian-gcc