CRAN Package Check Results for Package styler

Last updated on 2024-06-14 05:58:41 CEST.

Flavor Version Tinstall Tcheck Ttotal Status Flags
r-devel-linux-x86_64-debian-clang 1.10.3 10.41 301.09 311.50 OK
r-devel-linux-x86_64-debian-gcc 1.10.3 1.00 1.88 2.88 ERROR
r-devel-linux-x86_64-fedora-clang 1.10.3 369.82 OK
r-devel-linux-x86_64-fedora-gcc 1.10.3 365.87 OK
r-devel-windows-x86_64 1.10.3 11.00 209.00 220.00 OK
r-patched-linux-x86_64 1.10.3 14.46 282.02 296.48 OK
r-release-linux-x86_64 1.10.3 12.72 273.46 286.18 OK
r-release-macos-arm64 1.10.3 100.00 OK
r-release-macos-x86_64 1.10.3 159.00 OK
r-release-windows-x86_64 1.10.3 13.00 214.00 227.00 OK
r-oldrel-macos-arm64 1.10.3 97.00 OK
r-oldrel-macos-x86_64 1.10.3 201.00 OK
r-oldrel-windows-x86_64 1.10.3 16.00 244.00 260.00 OK

Check Details

Version: 1.10.3
Check: package dependencies
Result: ERROR Packages required but not available: 'purrr', 'vctrs' Packages suggested but not available for checking: 'roxygen2', 'tibble', 'testthat' See section ‘The DESCRIPTION file’ in the ‘Writing R Extensions’ manual. Flavor: r-devel-linux-x86_64-debian-gcc