Last updated on 2023-12-04 05:09:23 CET.
Flavor | Version | Tinstall | Tcheck | Ttotal | Status | Flags |
---|---|---|---|---|---|---|
r-devel-linux-x86_64-debian-clang | 2.4.1 | 64.40 | 430.66 | 495.06 | NOTE | |
r-devel-linux-x86_64-debian-gcc | 2.4.1 | 58.32 | 308.35 | 366.67 | NOTE | |
r-devel-linux-x86_64-fedora-clang | 2.4.1 | 629.74 | OK | |||
r-devel-linux-x86_64-fedora-gcc | 2.4.1 | 592.99 | OK | |||
r-devel-windows-x86_64 | 2.4.1 | 47.00 | 287.00 | 334.00 | OK | |
r-patched-linux-x86_64 | 2.4.1 | 56.89 | 395.06 | 451.95 | OK | |
r-release-linux-x86_64 | 2.4.1 | 39.40 | 399.67 | 439.07 | OK | |
r-release-macos-arm64 | 2.4.1 | 123.00 | OK | |||
r-release-macos-x86_64 | 2.4.1 | 348.00 | OK | |||
r-release-windows-x86_64 | 2.4.1 | 64.00 | 351.00 | 415.00 | OK | |
r-oldrel-macos-arm64 | 2.4.1 | 333.00 | OK | |||
r-oldrel-macos-x86_64 | 2.4.1 | 427.00 | OK | |||
r-oldrel-windows-x86_64 | 2.4.1 | 65.00 | 324.00 | 389.00 | OK |
Version: 2.4.1
Check: Rd files
Result: NOTE
checkRd: (-1) calculateStatistics.Rd:22: Lost braces; missing escapes or markup?
22 | \item{quant}{numeric quantile to calculate {0,1}, default 0.95.}
| ^
Flavors: r-devel-linux-x86_64-debian-clang, r-devel-linux-x86_64-debian-gcc