CRAN Package Check Results for Package strider

Last updated on 2023-12-03 04:56:23 CET.

Flavor Version Tinstall Tcheck Ttotal Status Flags
r-devel-linux-x86_64-debian-clang 1.3 19.01 112.04 131.05 NOTE
r-devel-linux-x86_64-debian-gcc 1.3 12.29 77.40 89.69 NOTE
r-devel-linux-x86_64-fedora-clang 1.3 187.75 NOTE
r-devel-linux-x86_64-fedora-gcc 1.3 188.56 NOTE
r-devel-windows-x86_64 1.3 16.00 135.00 151.00 NOTE
r-patched-linux-x86_64 1.3 13.60 104.30 117.90 NOTE
r-release-linux-x86_64 1.3 14.24 104.37 118.61 NOTE
r-release-macos-arm64 1.3 59.00 NOTE
r-release-macos-x86_64 1.3 91.00 NOTE
r-release-windows-x86_64 1.3 15.00 151.00 166.00 NOTE
r-oldrel-macos-arm64 1.3 50.00 OK
r-oldrel-macos-x86_64 1.3 62.00 OK
r-oldrel-windows-x86_64 1.3 21.00 146.00 167.00 OK

Check Details

Version: 1.3
Check: C++ specification
Result: NOTE Specified C++11: please drop specification unless essential Flavors: r-devel-linux-x86_64-debian-clang, r-devel-linux-x86_64-debian-gcc, r-devel-linux-x86_64-fedora-clang, r-devel-linux-x86_64-fedora-gcc, r-devel-windows-x86_64, r-patched-linux-x86_64, r-release-linux-x86_64, r-release-macos-arm64, r-release-macos-x86_64, r-release-windows-x86_64