CRAN Package Check Results for Package strex

Last updated on 2024-06-14 05:58:41 CEST.

Flavor Version Tinstall Tcheck Ttotal Status Flags
r-devel-linux-x86_64-debian-clang 2.0.0 8.98 264.70 273.68 OK
r-devel-linux-x86_64-debian-gcc 2.0.0 0.48 1.83 2.31 ERROR
r-devel-linux-x86_64-fedora-clang 2.0.0 344.71 OK
r-devel-linux-x86_64-fedora-gcc 2.0.0 360.44 OK
r-devel-windows-x86_64 2.0.0 12.00 256.00 268.00 OK
r-patched-linux-x86_64 2.0.0 8.00 247.72 255.72 OK
r-release-linux-x86_64 2.0.0 8.17 255.63 263.80 OK
r-release-macos-arm64 2.0.0 117.00 OK
r-release-macos-x86_64 2.0.0 189.00 OK
r-release-windows-x86_64 2.0.0 12.00 256.00 268.00 OK
r-oldrel-macos-arm64 2.0.0 111.00 OK
r-oldrel-macos-x86_64 2.0.0 251.00 OK
r-oldrel-windows-x86_64 2.0.0 14.00 239.00 253.00 OK

Check Details

Version: 2.0.0
Check: package dependencies
Result: ERROR Package required but not available: ‘stringr’ Packages suggested but not available for checking: 'bench', 'purrr', 'testthat' See section ‘The DESCRIPTION file’ in the ‘Writing R Extensions’ manual. Flavor: r-devel-linux-x86_64-debian-gcc