CRAN Package Check Results for Package stpphawkes

Last updated on 2024-02-27 04:50:51 CET.

Flavor Version Tinstall Tcheck Ttotal Status Flags
r-devel-linux-x86_64-debian-clang 0.2.1 474.46 36.14 510.60 OK
r-devel-linux-x86_64-debian-gcc 0.2.1 364.62 28.59 393.21 OK
r-devel-linux-x86_64-fedora-clang 0.2.1 802.30 OK
r-devel-linux-x86_64-fedora-gcc 0.2.1 782.38 OK
r-devel-windows-x86_64 0.2.1 332.00 78.00 410.00 OK
r-patched-linux-x86_64 0.2.1 454.38 36.22 490.60 OK
r-release-linux-x86_64 0.2.1 465.42 35.75 501.17 OK
r-release-macos-arm64 0.2.1 125.00 NOTE
r-release-macos-x86_64 0.2.1 104.00 NOTE
r-release-windows-x86_64 0.2.1 417.00 84.00 501.00 OK
r-oldrel-macos-arm64 0.2.1 126.00 NOTE
r-oldrel-windows-x86_64 0.2.1 409.00 80.00 489.00 OK

Check Details

Version: 0.2.1
Check: installed package size
Result: NOTE installed size is 10.4Mb sub-directories of 1Mb or more: libs 10.2Mb Flavors: r-release-macos-arm64, r-release-macos-x86_64, r-oldrel-macos-arm64