Last updated on 2023-12-07 04:56:39 CET.
Flavor | Version | Tinstall | Tcheck | Ttotal | Status | Flags |
---|---|---|---|---|---|---|
r-devel-linux-x86_64-debian-clang | 0.2.0 | 26.52 | 180.40 | 206.92 | OK | |
r-devel-linux-x86_64-debian-gcc | 0.2.0 | 27.90 | 137.20 | 165.10 | OK | |
r-devel-linux-x86_64-fedora-clang | 0.2.0 | 262.41 | NOTE | |||
r-devel-linux-x86_64-fedora-gcc | 0.2.0 | 294.01 | OK | |||
r-devel-windows-x86_64 | 0.2.0 | 58.00 | 110.00 | 168.00 | NOTE | |
r-patched-linux-x86_64 | 0.2.0 | 31.78 | 183.98 | 215.76 | OK | |
r-release-linux-x86_64 | 0.2.0 | 34.07 | 178.91 | 212.98 | OK | |
r-release-macos-arm64 | 0.2.0 | 99.00 | NOTE | |||
r-release-macos-x86_64 | 0.2.0 | 137.00 | NOTE | |||
r-release-windows-x86_64 | 0.2.0 | 70.00 | 124.00 | 194.00 | NOTE | |
r-oldrel-macos-arm64 | 0.2.0 | 85.00 | NOTE | |||
r-oldrel-macos-x86_64 | 0.2.0 | 138.00 | NOTE | |||
r-oldrel-windows-x86_64 | 0.2.0 | 63.00 | 118.00 | 181.00 | NOTE |
Version: 0.2.0
Check: installed package size
Result: NOTE
installed size is 19.2Mb
sub-directories of 1Mb or more:
libs 17.5Mb
Flavors: r-devel-linux-x86_64-fedora-clang, r-devel-windows-x86_64, r-release-macos-arm64, r-release-macos-x86_64, r-release-windows-x86_64, r-oldrel-macos-arm64, r-oldrel-macos-x86_64, r-oldrel-windows-x86_64