CRAN Package Check Results for Package stmCorrViz

Last updated on 2024-05-29 05:59:35 CEST.

Flavor Version Tinstall Tcheck Ttotal Status Flags
r-devel-linux-x86_64-debian-clang 1.3 2.39 42.44 44.83 NOTE
r-devel-linux-x86_64-debian-gcc 1.3 2.05 30.83 32.88 NOTE
r-devel-linux-x86_64-fedora-clang 1.3 54.45 NOTE
r-devel-linux-x86_64-fedora-gcc 1.3 52.17 NOTE
r-devel-windows-x86_64 1.3 4.00 58.00 62.00 OK
r-patched-linux-x86_64 1.3 2.93 40.59 43.52 NOTE
r-release-linux-x86_64 1.3 2.35 39.69 42.04 NOTE
r-release-macos-arm64 1.3 20.00 OK
r-release-windows-x86_64 1.3 3.00 56.00 59.00 OK
r-oldrel-macos-arm64 1.3 28.00 OK
r-oldrel-macos-x86_64 1.3 31.00 OK
r-oldrel-windows-x86_64 1.3 4.00 61.00 65.00 OK

Check Details

Version: 1.3
Check: for non-standard things in the check directory
Result: NOTE Found the following files/directories: ‘corrviz.html’ Flavors: r-devel-linux-x86_64-debian-clang, r-devel-linux-x86_64-debian-gcc, r-devel-linux-x86_64-fedora-clang, r-devel-linux-x86_64-fedora-gcc, r-patched-linux-x86_64, r-release-linux-x86_64

Version: 1.3
Check: dependencies in R code
Result: NOTE Namespaces in Imports field not imported from: ‘SnowballC’ ‘tm’ All declared Imports should be used. Flavors: r-devel-linux-x86_64-fedora-clang, r-devel-linux-x86_64-fedora-gcc