Last updated on 2023-12-04 05:09:23 CET.
Flavor | Version | Tinstall | Tcheck | Ttotal | Status | Flags |
---|---|---|---|---|---|---|
r-devel-linux-x86_64-debian-clang | 0.9.6 | 6.67 | 167.14 | 173.81 | NOTE | |
r-devel-linux-x86_64-debian-gcc | 0.9.6 | 6.25 | 123.92 | 130.17 | NOTE | |
r-devel-linux-x86_64-fedora-clang | 0.9.6 | 205.84 | OK | |||
r-devel-linux-x86_64-fedora-gcc | 0.9.6 | 212.22 | OK | |||
r-devel-windows-x86_64 | 0.9.6 | 8.00 | 161.00 | 169.00 | OK | |
r-patched-linux-x86_64 | 0.9.6 | 9.05 | 159.39 | 168.44 | OK | |
r-release-linux-x86_64 | 0.9.6 | 8.49 | 156.55 | 165.04 | OK | |
r-release-macos-arm64 | 0.9.6 | 62.00 | OK | |||
r-release-macos-x86_64 | 0.9.6 | 174.00 | OK | |||
r-release-windows-x86_64 | 0.9.6 | 8.00 | 190.00 | 198.00 | OK | |
r-oldrel-macos-arm64 | 0.9.6 | 61.00 | OK | |||
r-oldrel-macos-x86_64 | 0.9.6 | 78.00 | OK | |||
r-oldrel-windows-x86_64 | 0.9.6 | 11.00 | 185.00 | 196.00 | OK |
Version: 0.9.6
Check: Rd files
Result: NOTE
checkRd: (-1) docker_config_collection.Rd:11: Lost braces; missing escapes or markup?
11 | \Sexpr[results=rd,stage=render]{stevedore:::generate_help("config")}
| ^
checkRd: (-1) docker_container.Rd:13: Lost braces
13 | \Sexpr[results=rd,stage=render]{stevedore:::generate_help("docker_container")}
| ^
checkRd: (-1) docker_image_collection.Rd:11: Lost braces
11 | \Sexpr[results=rd,stage=render]{stevedore:::generate_help("image")}
| ^
checkRd: (-1) docker_plugin_collection.Rd:11: Lost braces
11 | \Sexpr[results=rd,stage=render]{stevedore:::generate_help("plugin")}
| ^
checkRd: (-1) docker_service_collection.Rd:11: Lost braces
11 | \Sexpr[results=rd,stage=render]{stevedore:::generate_help("service")}
| ^
checkRd: (-1) docker_task.Rd:13: Lost braces
13 | \Sexpr[results=rd,stage=render]{stevedore:::generate_help("docker_task")}
| ^
Flavors: r-devel-linux-x86_64-debian-clang, r-devel-linux-x86_64-debian-gcc