CRAN Package Check Results for Package stepSplitReg

Last updated on 2024-02-27 04:50:51 CET.

Flavor Version Tinstall Tcheck Ttotal Status Flags
r-devel-linux-x86_64-debian-clang 1.0.3 93.70 39.76 133.46 NOTE
r-devel-linux-x86_64-debian-gcc 1.0.3 71.38 28.55 99.93 NOTE
r-devel-linux-x86_64-fedora-clang 1.0.3 186.22 NOTE
r-devel-linux-x86_64-fedora-gcc 1.0.3 189.96 NOTE
r-devel-windows-x86_64 1.0.3 75.00 68.00 143.00 NOTE
r-patched-linux-x86_64 1.0.3 86.40 39.01 125.41 NOTE
r-release-linux-x86_64 1.0.3 84.90 39.43 124.33 NOTE
r-release-macos-arm64 1.0.3 52.00 NOTE
r-release-macos-x86_64 1.0.3 89.00 NOTE
r-release-windows-x86_64 1.0.3 93.00 78.00 171.00 NOTE
r-oldrel-macos-arm64 1.0.3 53.00 OK
r-oldrel-windows-x86_64 1.0.3 80.00 78.00 158.00 OK

Check Details

Version: 1.0.3
Check: C++ specification
Result: NOTE Specified C++11: please drop specification unless essential Flavors: r-devel-linux-x86_64-debian-clang, r-devel-linux-x86_64-debian-gcc, r-devel-linux-x86_64-fedora-clang, r-devel-linux-x86_64-fedora-gcc, r-devel-windows-x86_64, r-patched-linux-x86_64, r-release-linux-x86_64, r-release-macos-arm64, r-release-macos-x86_64, r-release-windows-x86_64