CRAN Package Check Results for Package stcos

Last updated on 2024-02-26 04:49:41 CET.

Flavor Version Tinstall Tcheck Ttotal Status Flags
r-devel-linux-x86_64-debian-clang 0.3.1 99.77 116.62 216.39 OK
r-devel-linux-x86_64-debian-gcc 0.3.1 75.98 87.81 163.79 OK
r-devel-linux-x86_64-fedora-clang 0.3.1 299.46 OK
r-devel-linux-x86_64-fedora-gcc 0.3.1 291.54 OK
r-devel-windows-x86_64 0.3.1 80.00 119.00 199.00 OK
r-patched-linux-x86_64 0.3.1 98.58 111.64 210.22 OK
r-release-linux-x86_64 0.3.1 106.70 112.01 218.71 OK
r-release-macos-arm64 0.3.1 70.00 NOTE
r-release-macos-x86_64 0.3.1 140.00 NOTE
r-release-windows-x86_64 0.3.1 97.00 141.00 238.00 OK
r-oldrel-macos-arm64 0.3.1 71.00 NOTE
r-oldrel-windows-x86_64 0.3.1 91.00 141.00 232.00 OK

Check Details

Version: 0.3.1
Check: installed package size
Result: NOTE installed size is 6.9Mb sub-directories of 1Mb or more: data 2.3Mb libs 4.3Mb Flavors: r-release-macos-arm64, r-release-macos-x86_64, r-oldrel-macos-arm64