Last updated on 2023-11-30 04:53:08 CET.
Flavor | Version | Tinstall | Tcheck | Ttotal | Status | Flags |
---|---|---|---|---|---|---|
r-devel-linux-x86_64-debian-clang | 1.4.0 | 12.96 | 161.78 | 174.74 | NOTE | |
r-devel-linux-x86_64-debian-gcc | 1.4.0 | 9.80 | 116.59 | 126.39 | NOTE | |
r-devel-linux-x86_64-fedora-clang | 1.4.0 | 220.30 | OK | |||
r-devel-linux-x86_64-fedora-gcc | 1.4.0 | 211.27 | OK | |||
r-devel-windows-x86_64 | 1.4.0 | 13.00 | 155.00 | 168.00 | OK | |
r-patched-linux-x86_64 | 1.4.0 | 20.78 | 162.94 | 183.72 | OK | |
r-release-linux-x86_64 | 1.4.0 | 14.05 | 164.02 | 178.07 | OK | |
r-release-macos-arm64 | 1.4.0 | 48.00 | OK | |||
r-release-macos-x86_64 | 1.4.0 | 175.00 | OK | |||
r-release-windows-x86_64 | 1.4.0 | 18.00 | 196.00 | 214.00 | OK | |
r-oldrel-macos-arm64 | 1.4.0 | 53.00 | OK | |||
r-oldrel-macos-x86_64 | 1.4.0 | 72.00 | OK | |||
r-oldrel-windows-x86_64 | 1.4.0 | 17.00 | 164.00 | 181.00 | OK |
Version: 1.4.0
Check: Rd files
Result: NOTE
checkRd: (-1) ci.agree.3rater.Rd:13: Lost braces
13 | f = {\code{[}}f111, f112, f121, f122, f211, f212, f221, f222{\verb{]}}
| ^
checkRd: (-1) ci.agree.3rater.Rd:24: Lost braces
24 | \item G(1,2)-G(1,3): difference in G{1,2} and G{1,3}
| ^
checkRd: (-1) ci.agree.3rater.Rd:24: Lost braces
24 | \item G(1,2)-G(1,3): difference in G{1,2} and G{1,3}
| ^
checkRd: (-1) ci.agree.3rater.Rd:25: Lost braces
25 | \item G(1,2)-G(2,3): difference in G{1,2} and G{2,3}
| ^
checkRd: (-1) ci.agree.3rater.Rd:25: Lost braces
25 | \item G(1,2)-G(2,3): difference in G{1,2} and G{2,3}
| ^
checkRd: (-1) ci.agree.3rater.Rd:26: Lost braces
26 | \item G(2,3)-G(1,3): difference in G{2,3} and G{1,3}
| ^
checkRd: (-1) ci.agree.3rater.Rd:26: Lost braces
26 | \item G(2,3)-G(1,3): difference in G{2,3} and G{1,3}
| ^
Flavors: r-devel-linux-x86_64-debian-clang, r-devel-linux-x86_64-debian-gcc