CRAN Package Check Results for Package statnetWeb

Last updated on 2023-12-04 05:09:23 CET.

Flavor Version Tinstall Tcheck Ttotal Status Flags
r-devel-linux-x86_64-debian-clang 0.5.6 11.30 99.56 110.86 NOTE
r-devel-linux-x86_64-debian-gcc 0.5.6 8.28 75.09 83.37 NOTE
r-devel-linux-x86_64-fedora-clang 0.5.6 140.82 NOTE
r-devel-linux-x86_64-fedora-gcc 0.5.6 141.81 NOTE
r-devel-windows-x86_64 0.5.6 11.00 83.00 94.00 NOTE
r-patched-linux-x86_64 0.5.6 10.81 94.71 105.52 NOTE
r-release-linux-x86_64 0.5.6 8.31 93.76 102.07 NOTE
r-release-macos-arm64 0.5.6 40.00 NOTE
r-release-macos-x86_64 0.5.6 68.00 NOTE
r-release-windows-x86_64 0.5.6 14.00 104.00 118.00 NOTE
r-oldrel-macos-arm64 0.5.6 38.00 NOTE
r-oldrel-macos-x86_64 0.5.6 76.00 NOTE
r-oldrel-windows-x86_64 0.5.6 15.00 105.00 120.00 NOTE

Check Details

Version: 0.5.6
Check: LazyData
Result: NOTE 'LazyData' is specified without a 'data' directory Flavors: r-devel-linux-x86_64-debian-clang, r-devel-linux-x86_64-debian-gcc, r-devel-linux-x86_64-fedora-clang, r-devel-linux-x86_64-fedora-gcc, r-devel-windows-x86_64, r-patched-linux-x86_64, r-release-linux-x86_64, r-release-macos-arm64, r-release-macos-x86_64, r-release-windows-x86_64, r-oldrel-macos-arm64, r-oldrel-macos-x86_64, r-oldrel-windows-x86_64