Last updated on 2023-12-03 04:56:23 CET.
Flavor | Version | Tinstall | Tcheck | Ttotal | Status | Flags |
---|---|---|---|---|---|---|
r-devel-linux-x86_64-debian-clang | 2019.6 | 12.72 | 511.29 | 524.01 | NOTE | |
r-devel-linux-x86_64-debian-gcc | 2019.6 | 11.54 | 365.07 | 376.61 | NOTE | |
r-devel-linux-x86_64-fedora-clang | 2019.6 | 735.51 | NOTE | |||
r-devel-linux-x86_64-fedora-gcc | 2019.6 | 814.30 | NOTE | |||
r-devel-windows-x86_64 | 2019.6 | 73.00 | 217.00 | 290.00 | NOTE | |
r-patched-linux-x86_64 | 2019.6 | 12.81 | 482.28 | 495.09 | NOTE | |
r-release-linux-x86_64 | 2019.6 | 8.23 | 466.90 | 475.13 | NOTE | |
r-release-macos-arm64 | 2019.6 | 101.00 | NOTE | |||
r-release-macos-x86_64 | 2019.6 | 176.00 | NOTE | |||
r-release-windows-x86_64 | 2019.6 | 72.00 | 266.00 | 338.00 | NOTE | |
r-oldrel-macos-arm64 | 2019.6 | 98.00 | OK | |||
r-oldrel-macos-x86_64 | 2019.6 | 216.00 | OK | |||
r-oldrel-windows-x86_64 | 2019.6 | 91.00 | 358.00 | 449.00 | NOTE |
Version: 2019.6
Check: package dependencies
Result: NOTE
Package suggested but not available for checking: ‘networksis’
Flavors: r-devel-linux-x86_64-debian-clang, r-devel-linux-x86_64-debian-gcc, r-devel-linux-x86_64-fedora-clang, r-devel-linux-x86_64-fedora-gcc, r-devel-windows-x86_64, r-patched-linux-x86_64, r-release-linux-x86_64, r-release-macos-arm64, r-release-macos-x86_64, r-release-windows-x86_64, r-oldrel-windows-x86_64
Version: 2019.6
Check: whether startup messages can be suppressed
Result: NOTE
unable to reach CRAN
It looks like this package (or a package it requires) has a startup
message which cannot be suppressed: see ?packageStartupMessage.
Flavor: r-devel-windows-x86_64
Version: 2019.6
Check: startup messages can be suppressed
Result: NOTE
unable to reach CRAN
It looks like this package (or a package it requires) has a startup
message which cannot be suppressed: see ?packageStartupMessage.
Flavors: r-release-macos-arm64, r-release-macos-x86_64, r-release-windows-x86_64