CRAN Package Check Results for Package stationery

Last updated on 2024-02-22 05:01:59 CET.

Flavor Version Tinstall Tcheck Ttotal Status Flags
r-devel-linux-x86_64-debian-clang 1.0 NOTE
r-devel-linux-x86_64-debian-gcc 1.0 3.79 73.82 77.61 NOTE
r-devel-linux-x86_64-fedora-clang 1.1 128.33 OK
r-devel-linux-x86_64-fedora-gcc 1.1 140.36 OK
r-devel-windows-x86_64 1.0 6.00 185.00 191.00 NOTE
r-patched-linux-x86_64 1.0 5.64 91.64 97.28 OK
r-release-linux-x86_64 1.0 4.75 91.54 96.29 OK
r-release-macos-arm64 1.1 64.00 OK
r-release-macos-x86_64 1.1 123.00 OK
r-release-windows-x86_64 1.1 8.00 139.00 147.00 OK
r-oldrel-macos-arm64 1.1 69.00 OK
r-oldrel-windows-x86_64 1.0 9.00 184.00 193.00 OK

Check Details

Version: 1.0
Check: package vignettes
Result: NOTE Package vignette with \VignetteEngine{} not specifying an engine package: ‘stationery.Rnw’ Engines should be specified as \VignetteEngine{PKG::ENG}. Flavors: r-devel-linux-x86_64-debian-clang, r-devel-linux-x86_64-debian-gcc, r-devel-windows-x86_64