Last updated on 2023-11-29 04:57:38 CET.
Flavor | Version | Tinstall | Tcheck | Ttotal | Status | Flags |
---|---|---|---|---|---|---|
r-devel-linux-x86_64-debian-clang | 1.0.12 | 12.55 | 244.21 | 256.76 | NOTE | |
r-devel-linux-x86_64-debian-gcc | 1.0.12 | 10.51 | 185.57 | 196.08 | NOTE | |
r-devel-linux-x86_64-fedora-clang | 1.0.12 | 324.40 | NOTE | |||
r-devel-linux-x86_64-fedora-gcc | 1.0.12 | 346.94 | NOTE | |||
r-devel-windows-x86_64 | 1.0.12 | 11.00 | 190.00 | 201.00 | NOTE | |
r-patched-linux-x86_64 | 1.0.12 | 12.42 | 239.68 | 252.10 | NOTE | |
r-release-linux-x86_64 | 1.0.12 | 7.89 | 239.86 | 247.75 | NOTE | |
r-release-macos-arm64 | 1.0.12 | 105.00 | NOTE | |||
r-release-macos-x86_64 | 1.0.12 | 243.00 | NOTE | |||
r-release-windows-x86_64 | 1.0.12 | 16.00 | 247.00 | 263.00 | NOTE | |
r-oldrel-macos-arm64 | 1.0.12 | 94.00 | NOTE | |||
r-oldrel-macos-x86_64 | 1.0.11 | 119.00 | NOTE | |||
r-oldrel-windows-x86_64 | 1.0.12 | 16.00 | 234.00 | 250.00 | NOTE |
Version: 1.0.12
Check: package dependencies
Result: NOTE
Package suggested but not available for checking: ‘asreml’
Flavors: r-devel-linux-x86_64-debian-clang, r-devel-linux-x86_64-debian-gcc, r-devel-linux-x86_64-fedora-clang, r-devel-linux-x86_64-fedora-gcc, r-devel-windows-x86_64, r-patched-linux-x86_64, r-release-linux-x86_64, r-release-macos-arm64, r-release-macos-x86_64, r-release-windows-x86_64, r-oldrel-macos-arm64, r-oldrel-windows-x86_64
Version: 1.0.12
Check: dependencies in R code
Result: NOTE
Namespace in Imports field not imported from: ‘mapproj’
All declared Imports should be used.
Flavors: r-devel-linux-x86_64-fedora-clang, r-devel-linux-x86_64-fedora-gcc
Version: 1.0.11
Check: package dependencies
Result: NOTE
Package suggested but not available for checking: ‘asreml’
Flavor: r-oldrel-macos-x86_64