CRAN Package Check Results for Package statgenQTLxT

Last updated on 2024-02-23 05:07:33 CET.

Flavor Version Tinstall Tcheck Ttotal Status Flags
r-devel-linux-x86_64-debian-clang 1.0.2 OK
r-devel-linux-x86_64-debian-gcc 1.0.2 82.21 189.06 271.27 OK
r-devel-linux-x86_64-fedora-clang 1.0.2 432.62 OK
r-devel-linux-x86_64-fedora-gcc 1.0.2 460.25 OK
r-devel-windows-x86_64 1.0.2 74.00 249.00 323.00 OK
r-patched-linux-x86_64 1.0.2 84.52 244.43 328.95 OK
r-release-linux-x86_64 1.0.2 69.06 241.87 310.93 OK
r-release-macos-arm64 1.0.2 164.00 NOTE
r-release-macos-x86_64 1.0.2 248.00 NOTE
r-release-windows-x86_64 1.0.2 94.00 282.00 376.00 OK
r-oldrel-macos-arm64 1.0.2 158.00 NOTE
r-oldrel-windows-x86_64 1.0.2 89.00 260.00 349.00 OK

Check Details

Version: 1.0.2
Check: installed package size
Result: NOTE installed size is 7.4Mb sub-directories of 1Mb or more: libs 6.4Mb Flavors: r-release-macos-arm64, r-release-macos-x86_64, r-oldrel-macos-arm64