Last updated on 2023-12-06 04:56:07 CET.
Flavor | Version | Tinstall | Tcheck | Ttotal | Status | Flags |
---|---|---|---|---|---|---|
r-devel-linux-x86_64-debian-clang | 1.0.6.1 | 17.29 | 485.93 | 503.22 | NOTE | |
r-devel-linux-x86_64-debian-gcc | 1.0.6.1 | 14.83 | 386.24 | 401.07 | NOTE | |
r-devel-linux-x86_64-fedora-clang | 1.0.6.1 | 660.85 | NOTE | |||
r-devel-linux-x86_64-fedora-gcc | 1.0.6.1 | 675.38 | NOTE | |||
r-devel-windows-x86_64 | 1.0.6.1 | 16.00 | 375.00 | 391.00 | NOTE | |
r-patched-linux-x86_64 | 1.0.6.1 | 15.94 | 491.90 | 507.84 | NOTE | |
r-release-linux-x86_64 | 1.0.6.1 | 14.82 | 491.73 | 506.55 | NOTE | |
r-release-macos-arm64 | 1.0.6.1 | 109.00 | NOTE | |||
r-release-macos-x86_64 | 1.0.6.1 | 275.00 | NOTE | |||
r-release-windows-x86_64 | 1.0.6.1 | 23.00 | 496.00 | 519.00 | NOTE | |
r-oldrel-macos-arm64 | 1.0.6.1 | 120.00 | NOTE | |||
r-oldrel-macos-x86_64 | 1.0.6.1 | 260.00 | NOTE | |||
r-oldrel-windows-x86_64 | 1.0.6.1 | 22.00 | 517.00 | 539.00 | NOTE |
Version: 1.0.6.1
Check: package dependencies
Result: NOTE
Package suggested but not available for checking: ‘asreml’
Flavors: r-devel-linux-x86_64-debian-clang, r-devel-linux-x86_64-debian-gcc, r-devel-linux-x86_64-fedora-clang, r-devel-linux-x86_64-fedora-gcc, r-devel-windows-x86_64, r-patched-linux-x86_64, r-release-linux-x86_64, r-release-macos-arm64, r-release-macos-x86_64, r-release-windows-x86_64, r-oldrel-macos-arm64, r-oldrel-macos-x86_64, r-oldrel-windows-x86_64
Version: 1.0.6.1
Check: installed package size
Result: NOTE
installed size is 5.0Mb
sub-directories of 1Mb or more:
data 3.5Mb
Flavors: r-devel-linux-x86_64-fedora-clang, r-release-macos-arm64, r-release-macos-x86_64, r-oldrel-macos-arm64